{"version":"1.0","provider_name":"Gourmetto","provider_url":"https:\/\/gourmetto.lu\/fr\/","author_name":"Riccardo Aureggi","author_url":"https:\/\/gourmetto.lu\/fr\/author\/riccardo\/","title":"Focaccia levain \u00e0 l'huile d'olive - Gourmetto","type":"rich","width":600,"height":338,"html":"<blockquote class=\"wp-embedded-content\" data-secret=\"oZiHEi4Jry\"><a href=\"https:\/\/gourmetto.lu\/fr\/produit\/focacciaolio\/\">Focaccia levain \u00e0 l&rsquo;huile d&rsquo;olive<\/a><\/blockquote><iframe sandbox=\"allow-scripts\" security=\"restricted\" src=\"https:\/\/gourmetto.lu\/fr\/produit\/focacciaolio\/embed\/#?secret=oZiHEi4Jry\" width=\"600\" height=\"338\" title=\"\u00ab\u00a0Focaccia levain \u00e0 l&rsquo;huile d&rsquo;olive\u00a0\u00bb &#8212; Gourmetto\" data-secret=\"oZiHEi4Jry\" frameborder=\"0\" marginwidth=\"0\" marginheight=\"0\" scrolling=\"no\" class=\"wp-embedded-content\"><\/iframe><script type=\"text\/javascript\">\n\/* <![CDATA[ *\/\n\/*! This file is auto-generated *\/\n!function(d,l){\"use strict\";l.querySelector&&d.addEventListener&&\"undefined\"!=typeof URL&&(d.wp=d.wp||{},d.wp.receiveEmbedMessage||(d.wp.receiveEmbedMessage=function(e){var t=e.data;if((t||t.secret||t.message||t.value)&&!\/[^a-zA-Z0-9]\/.test(t.secret)){for(var s,r,n,a=l.querySelectorAll('iframe[data-secret=\"'+t.secret+'\"]'),o=l.querySelectorAll('blockquote[data-secret=\"'+t.secret+'\"]'),c=new RegExp(\"^https?:$\",\"i\"),i=0;i<o.length;i++)o[i].style.display=\"none\";for(i=0;i<a.length;i++)s=a[i],e.source===s.contentWindow&&(s.removeAttribute(\"style\"),\"height\"===t.message?(1e3<(r=parseInt(t.value,10))?r=1e3:~~r<200&&(r=200),s.height=r):\"link\"===t.message&&(r=new URL(s.getAttribute(\"src\")),n=new URL(t.value),c.test(n.protocol))&&n.host===r.host&&l.activeElement===s&&(d.top.location.href=t.value))}},d.addEventListener(\"message\",d.wp.receiveEmbedMessage,!1),l.addEventListener(\"DOMContentLoaded\",function(){for(var e,t,s=l.querySelectorAll(\"iframe.wp-embedded-content\"),r=0;r<s.length;r++)(t=(e=s[r]).getAttribute(\"data-secret\"))||(t=Math.random().toString(36).substring(2,12),e.src+=\"#?secret=\"+t,e.setAttribute(\"data-secret\",t)),e.contentWindow.postMessage({message:\"ready\",secret:t},\"*\")},!1)))}(window,document);\n\/* ]]> *\/\n<\/script>\n","thumbnail_url":"https:\/\/gourmetto.lu\/wp-content\/uploads\/2023\/05\/PXL_20230605_173218463.MP_-scaled.jpg","thumbnail_width":2560,"thumbnail_height":2560,"description":"Une focaccia artisanale \u00e0 levage lent au levain, fabriqu\u00e9e avec soin et de bons ingr\u00e9dients, avec un temps de levage de 24 heures. La longue p\u00e9riode de levage garantit une saveur fantastique et rend la focaccia tr\u00e8s digeste. Enfin, elle est cuite pendant une longue p\u00e9riode \u00e0 basse temp\u00e9rature pour garantir qu&rsquo;elle reste croustillante pour [&hellip;]"}

Focaccia levain à l'huile d'olive - Gourmetto

<blockquote class="wp-embedded-content" data-secret="oZiHEi4Jry"><a href="https://gourmetto.lu/fr/produit/focacciaolio/">Focaccia levain à l&rsquo;huile d&rsquo;olive</a></blockquote><iframe sandbox="allow-scripts" security="restricted" src="https://gourmetto.lu/fr/produit/focacciaolio/embed/#?secret=oZiHEi4Jry" width="600" height="338" title="« Focaccia levain à l&rsquo;huile d&rsquo;olive » &#8212; Gourmetto" data-secret="oZiHEi4Jry" frameborder="0" marginwidth="0" marginheight="0" scrolling="no" class="wp-embedded-content"></iframe><script type="text/javascript">
/* <![CDATA[ */
/*! This file is auto-generated */
!function(d,l){"use strict";l.querySelector&&d.addEventListener&&"undefined"!=typeof URL&&(d.wp=d.wp||{},d.wp.receiveEmbedMessage||(d.wp.receiveEmbedMessage=function(e){var t=e.data;if((t||t.secret||t.message||t.value)&&!/[^a-zA-Z0-9]/.test(t.secret)){for(var s,r,n,a=l.querySelectorAll('iframe[data-secret="'+t.secret+'"]'),o=l.querySelectorAll('blockquote[data-secret="'+t.secret+'"]'),c=new RegExp("^https?:$","i"),i=0;i<o.length;i++)o[i].style.display="none";for(i=0;i<a.length;i++)s=a[i],e.source===s.contentWindow&&(s.removeAttribute("style"),"height"===t.message?(1e3<(r=parseInt(t.value,10))?r=1e3:~~r<200&&(r=200),s.height=r):"link"===t.message&&(r=new URL(s.getAttribute("src")),n=new URL(t.value),c.test(n.protocol))&&n.host===r.host&&l.activeElement===s&&(d.top.location.href=t.value))}},d.addEventListener("message",d.wp.receiveEmbedMessage,!1),l.addEventListener("DOMContentLoaded",function(){for(var e,t,s=l.querySelectorAll("iframe.wp-embedded-content"),r=0;r<s.length;r++)(t=(e=s[r]).getAttribute("data-secret"))||(t=Math.random().toString(36).substring(2,12),e.src+="#?secret="+t,e.setAttribute("data-secret",t)),e.contentWindow.postMessage({message:"ready",secret:t},"*")},!1)))}(window,document);
/* ]]> */
</script>

Une focaccia artisanale à levage lent au levain, fabriquée avec soin et de bons ingrédients, avec un temps de levage de 24 heures. La longue période de levage garantit une saveur fantastique et rend la focaccia très digeste. Enfin, elle est cuite pendant une longue période à basse température pour garantir qu&rsquo;elle reste croustillante pour [&hellip;]
