{"id":2024,"date":"2022-10-31T13:26:26","date_gmt":"2022-10-31T12:26:26","guid":{"rendered":"https:\/\/beta.gourmetto.lu\/product\/parmigianocollina\/"},"modified":"2026-02-13T12:12:42","modified_gmt":"2026-02-13T11:12:42","slug":"parmigianocollina","status":"publish","type":"product","link":"https:\/\/gourmetto.lu\/fr\/produit\/parmigianocollina\/","title":{"rendered":"Parmigiano Reggiano DOP Collina, 30 mois"},"content":{"rendered":"<p>Ce Parmigiano est produit dans les fermes laiti\u00e8res du \u00ab\u00a0Val d&rsquo;Enza\u00a0\u00bb en utilisant uniquement le lait des bovins qui paissent dans les zones de collines voisines. Les formes de Parmigiano sont ensuite laiss\u00e9es \u00e0 vieillir dans les anciennes caves en briques Cantarelli pendant un minimum de 30 mois.<\/p>\n<p>Une p\u00e9riode de vieillissement de 30 mois rend le Parmigiano plus friable et lui donne une texture plus granuleuse. Son go\u00fbt est plus vif et les notes d&rsquo;\u00e9pices et de fruits secs deviennent absolument pr\u00e9dominants tout en conservant sa \u00ab\u00a0douceur\u00a0\u00bb caract\u00e9ristique.<\/p>\n","protected":false},"excerpt":{"rendered":"<p>Ce Parmigiano est produit dans les fermes laiti\u00e8res du \u00ab\u00a0Val d&rsquo;Enza\u00a0\u00bb en utilisant uniquement le lait des bovins qui paissent dans les zones de collines voisines. Les formes de Parmigiano sont ensuite laiss\u00e9es \u00e0 vieillir dans les anciennes caves en briques Cantarelli pendant un minimum de 30 mois. Une p\u00e9riode de vieillissement de 30 mois [&hellip;]<\/p>\n","protected":false},"featured_media":2774,"template":"","meta":{"_acf_changed":false},"product_brand":[],"product_cat":[113,117],"product_tag":[],"class_list":{"0":"post-2024","1":"product","2":"type-product","3":"status-publish","4":"has-post-thumbnail","6":"product_cat-fromages-fr","7":"product_cat-sans-lactose-fr","8":"pa_producers-cantarelli-dal-1876-fr","10":"first","11":"outofstock","12":"taxable","13":"shipping-taxable","14":"purchasable","15":"product-type-simple"},"bundled_by":[],"bundle_stock_status":"outofstock","bundle_stock_quantity":0,"bundle_virtual":false,"bundle_layout":"","bundle_add_to_cart_form_location":"","bundle_editable_in_cart":false,"bundle_sold_individually_context":"","bundle_item_grouping":"","bundle_min_size":"","bundle_max_size":"","bundled_items":[],"bundle_sell_ids":[],"acf":[],"yoast_head":"<!-- This site is optimized with the Yoast SEO plugin v25.4 - https:\/\/yoast.com\/wordpress\/plugins\/seo\/ -->\n<title>Parmigiano Reggiano DOP Collina, 30 mois - Gourmetto<\/title>\n<meta name=\"robots\" content=\"index, follow, max-snippet:-1, max-image-preview:large, max-video-preview:-1\" \/>\n<link rel=\"canonical\" href=\"https:\/\/gourmetto.lu\/fr\/produit\/parmigianocollina\/\" \/>\n<meta property=\"og:locale\" content=\"fr_FR\" \/>\n<meta property=\"og:type\" content=\"article\" \/>\n<meta property=\"og:title\" content=\"Parmigiano Reggiano DOP Collina, 30 mois - Gourmetto\" \/>\n<meta property=\"og:description\" content=\"Ce Parmigiano est produit dans les fermes laiti\u00e8res du \u00ab\u00a0Val d&rsquo;Enza\u00a0\u00bb en utilisant uniquement le lait des bovins qui paissent dans les zones de collines voisines. Les formes de Parmigiano sont ensuite laiss\u00e9es \u00e0 vieillir dans les anciennes caves en briques Cantarelli pendant un minimum de 30 mois. Une p\u00e9riode de vieillissement de 30 mois [&hellip;]\" \/>\n<meta property=\"og:url\" content=\"https:\/\/gourmetto.lu\/fr\/produit\/parmigianocollina\/\" \/>\n<meta property=\"og:site_name\" content=\"Gourmetto\" \/>\n<meta property=\"article:modified_time\" content=\"2026-02-13T11:12:42+00:00\" \/>\n<meta property=\"og:image\" content=\"https:\/\/gourmetto.lu\/wp-content\/uploads\/2022\/10\/PXL_20230304_143517620-scaled.jpg\" \/>\n\t<meta property=\"og:image:width\" content=\"2560\" \/>\n\t<meta property=\"og:image:height\" content=\"2560\" \/>\n\t<meta property=\"og:image:type\" content=\"image\/jpeg\" \/>\n<meta name=\"twitter:card\" content=\"summary_large_image\" \/>\n<meta name=\"twitter:label1\" content=\"Dur\u00e9e de lecture estim\u00e9e\" \/>\n\t<meta name=\"twitter:data1\" content=\"1 minute\" \/>\n<script type=\"application\/ld+json\" class=\"yoast-schema-graph\">{\"@context\":\"https:\/\/schema.org\",\"@graph\":[{\"@type\":\"WebPage\",\"@id\":\"https:\/\/gourmetto.lu\/fr\/produit\/parmigianocollina\/\",\"url\":\"https:\/\/gourmetto.lu\/fr\/produit\/parmigianocollina\/\",\"name\":\"Parmigiano Reggiano DOP Collina, 30 mois - Gourmetto\",\"isPartOf\":{\"@id\":\"https:\/\/gourmetto.lu\/fr\/#website\"},\"primaryImageOfPage\":{\"@id\":\"https:\/\/gourmetto.lu\/fr\/produit\/parmigianocollina\/#primaryimage\"},\"image\":{\"@id\":\"https:\/\/gourmetto.lu\/fr\/produit\/parmigianocollina\/#primaryimage\"},\"thumbnailUrl\":\"https:\/\/gourmetto.lu\/wp-content\/uploads\/2022\/10\/PXL_20230304_143517620-scaled.jpg\",\"datePublished\":\"2022-10-31T12:26:26+00:00\",\"dateModified\":\"2026-02-13T11:12:42+00:00\",\"breadcrumb\":{\"@id\":\"https:\/\/gourmetto.lu\/fr\/produit\/parmigianocollina\/#breadcrumb\"},\"inLanguage\":\"fr-FR\",\"potentialAction\":[{\"@type\":\"ReadAction\",\"target\":[\"https:\/\/gourmetto.lu\/fr\/produit\/parmigianocollina\/\"]}]},{\"@type\":\"ImageObject\",\"inLanguage\":\"fr-FR\",\"@id\":\"https:\/\/gourmetto.lu\/fr\/produit\/parmigianocollina\/#primaryimage\",\"url\":\"https:\/\/gourmetto.lu\/wp-content\/uploads\/2022\/10\/PXL_20230304_143517620-scaled.jpg\",\"contentUrl\":\"https:\/\/gourmetto.lu\/wp-content\/uploads\/2022\/10\/PXL_20230304_143517620-scaled.jpg\",\"width\":2560,\"height\":2560},{\"@type\":\"BreadcrumbList\",\"@id\":\"https:\/\/gourmetto.lu\/fr\/produit\/parmigianocollina\/#breadcrumb\",\"itemListElement\":[{\"@type\":\"ListItem\",\"position\":1,\"name\":\"Home\",\"item\":\"https:\/\/gourmetto.lu\/fr\/\"},{\"@type\":\"ListItem\",\"position\":2,\"name\":\"Boutique\",\"item\":\"https:\/\/gourmetto.lu\/shop\/\"},{\"@type\":\"ListItem\",\"position\":3,\"name\":\"Parmigiano Reggiano DOP Collina, 30 mois\"}]},{\"@type\":\"WebSite\",\"@id\":\"https:\/\/gourmetto.lu\/fr\/#website\",\"url\":\"https:\/\/gourmetto.lu\/fr\/\",\"name\":\"Gourmetto\",\"description\":\"\",\"potentialAction\":[{\"@type\":\"SearchAction\",\"target\":{\"@type\":\"EntryPoint\",\"urlTemplate\":\"https:\/\/gourmetto.lu\/fr\/?s={search_term_string}\"},\"query-input\":{\"@type\":\"PropertyValueSpecification\",\"valueRequired\":true,\"valueName\":\"search_term_string\"}}],\"inLanguage\":\"fr-FR\"}]}<\/script>\n<!-- \/ Yoast SEO plugin. -->","yoast_head_json":{"title":"Parmigiano Reggiano DOP Collina, 30 mois - Gourmetto","robots":{"index":"index","follow":"follow","max-snippet":"max-snippet:-1","max-image-preview":"max-image-preview:large","max-video-preview":"max-video-preview:-1"},"canonical":"https:\/\/gourmetto.lu\/fr\/produit\/parmigianocollina\/","og_locale":"fr_FR","og_type":"article","og_title":"Parmigiano Reggiano DOP Collina, 30 mois - Gourmetto","og_description":"Ce Parmigiano est produit dans les fermes laiti\u00e8res du \u00ab\u00a0Val d&rsquo;Enza\u00a0\u00bb en utilisant uniquement le lait des bovins qui paissent dans les zones de collines voisines. Les formes de Parmigiano sont ensuite laiss\u00e9es \u00e0 vieillir dans les anciennes caves en briques Cantarelli pendant un minimum de 30 mois. Une p\u00e9riode de vieillissement de 30 mois [&hellip;]","og_url":"https:\/\/gourmetto.lu\/fr\/produit\/parmigianocollina\/","og_site_name":"Gourmetto","article_modified_time":"2026-02-13T11:12:42+00:00","og_image":[{"width":2560,"height":2560,"url":"https:\/\/gourmetto.lu\/wp-content\/uploads\/2022\/10\/PXL_20230304_143517620-scaled.jpg","type":"image\/jpeg"}],"twitter_card":"summary_large_image","twitter_misc":{"Dur\u00e9e de lecture estim\u00e9e":"1 minute"},"schema":{"@context":"https:\/\/schema.org","@graph":[{"@type":"WebPage","@id":"https:\/\/gourmetto.lu\/fr\/produit\/parmigianocollina\/","url":"https:\/\/gourmetto.lu\/fr\/produit\/parmigianocollina\/","name":"Parmigiano Reggiano DOP Collina, 30 mois - Gourmetto","isPartOf":{"@id":"https:\/\/gourmetto.lu\/fr\/#website"},"primaryImageOfPage":{"@id":"https:\/\/gourmetto.lu\/fr\/produit\/parmigianocollina\/#primaryimage"},"image":{"@id":"https:\/\/gourmetto.lu\/fr\/produit\/parmigianocollina\/#primaryimage"},"thumbnailUrl":"https:\/\/gourmetto.lu\/wp-content\/uploads\/2022\/10\/PXL_20230304_143517620-scaled.jpg","datePublished":"2022-10-31T12:26:26+00:00","dateModified":"2026-02-13T11:12:42+00:00","breadcrumb":{"@id":"https:\/\/gourmetto.lu\/fr\/produit\/parmigianocollina\/#breadcrumb"},"inLanguage":"fr-FR","potentialAction":[{"@type":"ReadAction","target":["https:\/\/gourmetto.lu\/fr\/produit\/parmigianocollina\/"]}]},{"@type":"ImageObject","inLanguage":"fr-FR","@id":"https:\/\/gourmetto.lu\/fr\/produit\/parmigianocollina\/#primaryimage","url":"https:\/\/gourmetto.lu\/wp-content\/uploads\/2022\/10\/PXL_20230304_143517620-scaled.jpg","contentUrl":"https:\/\/gourmetto.lu\/wp-content\/uploads\/2022\/10\/PXL_20230304_143517620-scaled.jpg","width":2560,"height":2560},{"@type":"BreadcrumbList","@id":"https:\/\/gourmetto.lu\/fr\/produit\/parmigianocollina\/#breadcrumb","itemListElement":[{"@type":"ListItem","position":1,"name":"Home","item":"https:\/\/gourmetto.lu\/fr\/"},{"@type":"ListItem","position":2,"name":"Boutique","item":"https:\/\/gourmetto.lu\/shop\/"},{"@type":"ListItem","position":3,"name":"Parmigiano Reggiano DOP Collina, 30 mois"}]},{"@type":"WebSite","@id":"https:\/\/gourmetto.lu\/fr\/#website","url":"https:\/\/gourmetto.lu\/fr\/","name":"Gourmetto","description":"","potentialAction":[{"@type":"SearchAction","target":{"@type":"EntryPoint","urlTemplate":"https:\/\/gourmetto.lu\/fr\/?s={search_term_string}"},"query-input":{"@type":"PropertyValueSpecification","valueRequired":true,"valueName":"search_term_string"}}],"inLanguage":"fr-FR"}]}},"jetpack_sharing_enabled":true,"_links":{"self":[{"href":"https:\/\/gourmetto.lu\/fr\/wp-json\/wp\/v2\/product\/2024","targetHints":{"allow":["GET"]}}],"collection":[{"href":"https:\/\/gourmetto.lu\/fr\/wp-json\/wp\/v2\/product"}],"about":[{"href":"https:\/\/gourmetto.lu\/fr\/wp-json\/wp\/v2\/types\/product"}],"wp:featuredmedia":[{"embeddable":true,"href":"https:\/\/gourmetto.lu\/fr\/wp-json\/wp\/v2\/media\/2774"}],"wp:attachment":[{"href":"https:\/\/gourmetto.lu\/fr\/wp-json\/wp\/v2\/media?parent=2024"}],"wp:term":[{"taxonomy":"product_brand","embeddable":true,"href":"https:\/\/gourmetto.lu\/fr\/wp-json\/wp\/v2\/product_brand?post=2024"},{"taxonomy":"product_cat","embeddable":true,"href":"https:\/\/gourmetto.lu\/fr\/wp-json\/wp\/v2\/product_cat?post=2024"},{"taxonomy":"product_tag","embeddable":true,"href":"https:\/\/gourmetto.lu\/fr\/wp-json\/wp\/v2\/product_tag?post=2024"}],"curies":[{"name":"wp","href":"https:\/\/api.w.org\/{rel}","templated":true}]}}

<p>Ce Parmigiano est produit dans les fermes laitières du « Val d&rsquo;Enza » en utilisant uniquement le lait des bovins qui paissent dans les zones de collines voisines. Les formes de Parmigiano sont ensuite laissées à vieillir dans les anciennes caves en briques Cantarelli pendant un minimum de 30 mois.</p>
<p>Une période de vieillissement de 30 mois rend le Parmigiano plus friable et lui donne une texture plus granuleuse. Son goût est plus vif et les notes d&rsquo;épices et de fruits secs deviennent absolument prédominants tout en conservant sa « douceur » caractéristique.</p>

<p>Ce Parmigiano est produit dans les fermes laitières du « Val d&rsquo;Enza » en utilisant uniquement le lait des bovins qui paissent dans les zones de collines voisines. Les formes de Parmigiano sont ensuite laissées à vieillir dans les anciennes caves en briques Cantarelli pendant un minimum de 30 mois. Une période de vieillissement de 30 mois [&hellip;]</p>

<!-- This site is optimized with the Yoast SEO plugin v25.4 - https://yoast.com/wordpress/plugins/seo/ -->
<title>Parmigiano Reggiano DOP Collina, 30 mois - Gourmetto</title>
<meta name="robots" content="index, follow, max-snippet:-1, max-image-preview:large, max-video-preview:-1" />
<link rel="canonical" href="https://gourmetto.lu/fr/produit/parmigianocollina/" />
<meta property="og:locale" content="fr_FR" />
<meta property="og:type" content="article" />
<meta property="og:title" content="Parmigiano Reggiano DOP Collina, 30 mois - Gourmetto" />
<meta property="og:description" content="Ce Parmigiano est produit dans les fermes laitières du « Val d&rsquo;Enza » en utilisant uniquement le lait des bovins qui paissent dans les zones de collines voisines. Les formes de Parmigiano sont ensuite laissées à vieillir dans les anciennes caves en briques Cantarelli pendant un minimum de 30 mois. Une période de vieillissement de 30 mois [&hellip;]" />
<meta property="og:url" content="https://gourmetto.lu/fr/produit/parmigianocollina/" />
<meta property="og:site_name" content="Gourmetto" />
<meta property="article:modified_time" content="2026-02-13T11:12:42+00:00" />
<meta property="og:image" content="https://gourmetto.lu/wp-content/uploads/2022/10/PXL_20230304_143517620-scaled.jpg" />
	<meta property="og:image:width" content="2560" />
	<meta property="og:image:height" content="2560" />
	<meta property="og:image:type" content="image/jpeg" />
<meta name="twitter:card" content="summary_large_image" />
<meta name="twitter:label1" content="Durée de lecture estimée" />
	<meta name="twitter:data1" content="1 minute" />
<script type="application/ld+json" class="yoast-schema-graph">{"@context":"https://schema.org","@graph":[{"@type":"WebPage","@id":"https://gourmetto.lu/fr/produit/parmigianocollina/","url":"https://gourmetto.lu/fr/produit/parmigianocollina/","name":"Parmigiano Reggiano DOP Collina, 30 mois - Gourmetto","isPartOf":{"@id":"https://gourmetto.lu/fr/#website"},"primaryImageOfPage":{"@id":"https://gourmetto.lu/fr/produit/parmigianocollina/#primaryimage"},"image":{"@id":"https://gourmetto.lu/fr/produit/parmigianocollina/#primaryimage"},"thumbnailUrl":"https://gourmetto.lu/wp-content/uploads/2022/10/PXL_20230304_143517620-scaled.jpg","datePublished":"2022-10-31T12:26:26+00:00","dateModified":"2026-02-13T11:12:42+00:00","breadcrumb":{"@id":"https://gourmetto.lu/fr/produit/parmigianocollina/#breadcrumb"},"inLanguage":"fr-FR","potentialAction":[{"@type":"ReadAction","target":["https://gourmetto.lu/fr/produit/parmigianocollina/"]}]},{"@type":"ImageObject","inLanguage":"fr-FR","@id":"https://gourmetto.lu/fr/produit/parmigianocollina/#primaryimage","url":"https://gourmetto.lu/wp-content/uploads/2022/10/PXL_20230304_143517620-scaled.jpg","contentUrl":"https://gourmetto.lu/wp-content/uploads/2022/10/PXL_20230304_143517620-scaled.jpg","width":2560,"height":2560},{"@type":"BreadcrumbList","@id":"https://gourmetto.lu/fr/produit/parmigianocollina/#breadcrumb","itemListElement":[{"@type":"ListItem","position":1,"name":"Home","item":"https://gourmetto.lu/fr/"},{"@type":"ListItem","position":2,"name":"Boutique","item":"https://gourmetto.lu/shop/"},{"@type":"ListItem","position":3,"name":"Parmigiano Reggiano DOP Collina, 30 mois"}]},{"@type":"WebSite","@id":"https://gourmetto.lu/fr/#website","url":"https://gourmetto.lu/fr/","name":"Gourmetto","description":"","potentialAction":[{"@type":"SearchAction","target":{"@type":"EntryPoint","urlTemplate":"https://gourmetto.lu/fr/?s={search_term_string}"},"query-input":{"@type":"PropertyValueSpecification","valueRequired":true,"valueName":"search_term_string"}}],"inLanguage":"fr-FR"}]}</script>
<!-- / Yoast SEO plugin. -->

Ce Parmigiano est produit dans les fermes laitières du « Val d&rsquo;Enza » en utilisant uniquement le lait des bovins qui paissent dans les zones de collines voisines. Les formes de Parmigiano sont ensuite laissées à vieillir dans les anciennes caves en briques Cantarelli pendant un minimum de 30 mois. Une période de vieillissement de 30 mois [&hellip;]
