{"id":2575,"date":"2023-01-19T10:47:41","date_gmt":"2023-01-19T09:47:41","guid":{"rendered":"https:\/\/gourmetto.lu\/?post_type=product&#038;p=2575"},"modified":"2024-05-30T16:26:15","modified_gmt":"2024-05-30T14:26:15","slug":"ragu-lepre","status":"publish","type":"product","link":"https:\/\/gourmetto.lu\/fr\/produit\/ragu-lepre\/","title":{"rendered":"Sauce rag\u00f9 au li\u00e8vre sauvage"},"content":{"rendered":"<p>Avec 70 ans d&rsquo;activit\u00e9, Alpe Magna est ma\u00eetre dans l&rsquo;art de mettre sur la table l&rsquo;excellence gastronomique de la r\u00e9gion des Dolomites dans les Alpes italiennes. En combinant les bonnes saveurs de la cuisine traditionnelle faite \u00e0 la main, les ingr\u00e9dients locaux de haute qualit\u00e9 et les plus avanc\u00e9es techniques d&#8217;emballage\u202f; le r\u00e9sultat est un gout \u00e9tonnant et une longue dur\u00e9e de conservation, sans aucun conservateur ou autre additif.<\/p>\n<p>&nbsp;<\/p>\n<p>Cette recette paysanne classique du centre de l&rsquo;Italie est rehauss\u00e9e dans cette pr\u00e9paration par les meilleures parties du li\u00e8vre, travaill\u00e9es \u00e0 la main et cuites lentement. Le gout de gibier du li\u00e8vre est adouci par la mac\u00e9ration dans le vin rouge du Trentin et des l\u00e9g\u00e8res notes de citron et de thym, ce qui donne un go\u00fbt riche, mais d\u00e9licat.<\/p>\n","protected":false},"excerpt":{"rendered":"<p>Avec 70 ans d&rsquo;activit\u00e9, Alpe Magna est ma\u00eetre dans l&rsquo;art de mettre sur la table l&rsquo;excellence gastronomique de la r\u00e9gion des Dolomites dans les Alpes italiennes. En combinant les bonnes saveurs de la cuisine traditionnelle faite \u00e0 la main, les ingr\u00e9dients locaux de haute qualit\u00e9 et les plus avanc\u00e9es techniques d&#8217;emballage\u202f; le r\u00e9sultat est un [&hellip;]<\/p>\n","protected":false},"featured_media":2738,"template":"","meta":{"_acf_changed":false},"product_brand":[],"product_cat":[108,164],"product_tag":[],"class_list":{"0":"post-2575","1":"product","2":"type-product","3":"status-publish","4":"has-post-thumbnail","6":"product_cat-sans-gluten-fr","7":"product_cat-pastasauce-fr","8":"pa_producers-alpemagna-fr","10":"first","11":"outofstock","12":"taxable","13":"shipping-taxable","14":"purchasable","15":"product-type-simple"},"bundled_by":[],"bundle_stock_status":"outofstock","bundle_stock_quantity":0,"bundle_virtual":false,"bundle_layout":"","bundle_add_to_cart_form_location":"","bundle_editable_in_cart":false,"bundle_sold_individually_context":"","bundle_item_grouping":"","bundle_min_size":"","bundle_max_size":"","bundled_items":[],"bundle_sell_ids":[],"acf":[],"yoast_head":"<!-- This site is optimized with the Yoast SEO plugin v25.4 - https:\/\/yoast.com\/wordpress\/plugins\/seo\/ -->\n<title>Sauce rag\u00f9 au li\u00e8vre sauvage - Gourmetto<\/title>\n<meta name=\"robots\" content=\"index, follow, max-snippet:-1, max-image-preview:large, max-video-preview:-1\" \/>\n<link rel=\"canonical\" href=\"https:\/\/gourmetto.lu\/fr\/produit\/ragu-lepre\/\" \/>\n<meta property=\"og:locale\" content=\"fr_FR\" \/>\n<meta property=\"og:type\" content=\"article\" \/>\n<meta property=\"og:title\" content=\"Sauce rag\u00f9 au li\u00e8vre sauvage - Gourmetto\" \/>\n<meta property=\"og:description\" content=\"Avec 70 ans d&rsquo;activit\u00e9, Alpe Magna est ma\u00eetre dans l&rsquo;art de mettre sur la table l&rsquo;excellence gastronomique de la r\u00e9gion des Dolomites dans les Alpes italiennes. En combinant les bonnes saveurs de la cuisine traditionnelle faite \u00e0 la main, les ingr\u00e9dients locaux de haute qualit\u00e9 et les plus avanc\u00e9es techniques d&#8217;emballage\u202f; le r\u00e9sultat est un [&hellip;]\" \/>\n<meta property=\"og:url\" content=\"https:\/\/gourmetto.lu\/fr\/produit\/ragu-lepre\/\" \/>\n<meta property=\"og:site_name\" content=\"Gourmetto\" \/>\n<meta property=\"article:modified_time\" content=\"2024-05-30T14:26:15+00:00\" \/>\n<meta property=\"og:image\" content=\"https:\/\/gourmetto.lu\/wp-content\/uploads\/2023\/01\/photo_2023-03-05_16-42-26-1.jpg\" \/>\n\t<meta property=\"og:image:width\" content=\"636\" \/>\n\t<meta property=\"og:image:height\" content=\"637\" \/>\n\t<meta property=\"og:image:type\" content=\"image\/jpeg\" \/>\n<meta name=\"twitter:card\" content=\"summary_large_image\" \/>\n<meta name=\"twitter:label1\" content=\"Dur\u00e9e de lecture estim\u00e9e\" \/>\n\t<meta name=\"twitter:data1\" content=\"1 minute\" \/>\n<script type=\"application\/ld+json\" class=\"yoast-schema-graph\">{\"@context\":\"https:\/\/schema.org\",\"@graph\":[{\"@type\":\"WebPage\",\"@id\":\"https:\/\/gourmetto.lu\/fr\/produit\/ragu-lepre\/\",\"url\":\"https:\/\/gourmetto.lu\/fr\/produit\/ragu-lepre\/\",\"name\":\"Sauce rag\u00f9 au li\u00e8vre sauvage - Gourmetto\",\"isPartOf\":{\"@id\":\"https:\/\/gourmetto.lu\/fr\/#website\"},\"primaryImageOfPage\":{\"@id\":\"https:\/\/gourmetto.lu\/fr\/produit\/ragu-lepre\/#primaryimage\"},\"image\":{\"@id\":\"https:\/\/gourmetto.lu\/fr\/produit\/ragu-lepre\/#primaryimage\"},\"thumbnailUrl\":\"https:\/\/gourmetto.lu\/wp-content\/uploads\/2023\/01\/photo_2023-03-05_16-42-26-1.jpg\",\"datePublished\":\"2023-01-19T09:47:41+00:00\",\"dateModified\":\"2024-05-30T14:26:15+00:00\",\"breadcrumb\":{\"@id\":\"https:\/\/gourmetto.lu\/fr\/produit\/ragu-lepre\/#breadcrumb\"},\"inLanguage\":\"fr-FR\",\"potentialAction\":[{\"@type\":\"ReadAction\",\"target\":[\"https:\/\/gourmetto.lu\/fr\/produit\/ragu-lepre\/\"]}]},{\"@type\":\"ImageObject\",\"inLanguage\":\"fr-FR\",\"@id\":\"https:\/\/gourmetto.lu\/fr\/produit\/ragu-lepre\/#primaryimage\",\"url\":\"https:\/\/gourmetto.lu\/wp-content\/uploads\/2023\/01\/photo_2023-03-05_16-42-26-1.jpg\",\"contentUrl\":\"https:\/\/gourmetto.lu\/wp-content\/uploads\/2023\/01\/photo_2023-03-05_16-42-26-1.jpg\",\"width\":636,\"height\":637},{\"@type\":\"BreadcrumbList\",\"@id\":\"https:\/\/gourmetto.lu\/fr\/produit\/ragu-lepre\/#breadcrumb\",\"itemListElement\":[{\"@type\":\"ListItem\",\"position\":1,\"name\":\"Home\",\"item\":\"https:\/\/gourmetto.lu\/fr\/\"},{\"@type\":\"ListItem\",\"position\":2,\"name\":\"Boutique\",\"item\":\"https:\/\/gourmetto.lu\/shop\/\"},{\"@type\":\"ListItem\",\"position\":3,\"name\":\"Sauce rag\u00f9 au li\u00e8vre sauvage\"}]},{\"@type\":\"WebSite\",\"@id\":\"https:\/\/gourmetto.lu\/fr\/#website\",\"url\":\"https:\/\/gourmetto.lu\/fr\/\",\"name\":\"Gourmetto\",\"description\":\"\",\"potentialAction\":[{\"@type\":\"SearchAction\",\"target\":{\"@type\":\"EntryPoint\",\"urlTemplate\":\"https:\/\/gourmetto.lu\/fr\/?s={search_term_string}\"},\"query-input\":{\"@type\":\"PropertyValueSpecification\",\"valueRequired\":true,\"valueName\":\"search_term_string\"}}],\"inLanguage\":\"fr-FR\"}]}<\/script>\n<!-- \/ Yoast SEO plugin. -->","yoast_head_json":{"title":"Sauce rag\u00f9 au li\u00e8vre sauvage - Gourmetto","robots":{"index":"index","follow":"follow","max-snippet":"max-snippet:-1","max-image-preview":"max-image-preview:large","max-video-preview":"max-video-preview:-1"},"canonical":"https:\/\/gourmetto.lu\/fr\/produit\/ragu-lepre\/","og_locale":"fr_FR","og_type":"article","og_title":"Sauce rag\u00f9 au li\u00e8vre sauvage - Gourmetto","og_description":"Avec 70 ans d&rsquo;activit\u00e9, Alpe Magna est ma\u00eetre dans l&rsquo;art de mettre sur la table l&rsquo;excellence gastronomique de la r\u00e9gion des Dolomites dans les Alpes italiennes. En combinant les bonnes saveurs de la cuisine traditionnelle faite \u00e0 la main, les ingr\u00e9dients locaux de haute qualit\u00e9 et les plus avanc\u00e9es techniques d&#8217;emballage\u202f; le r\u00e9sultat est un [&hellip;]","og_url":"https:\/\/gourmetto.lu\/fr\/produit\/ragu-lepre\/","og_site_name":"Gourmetto","article_modified_time":"2024-05-30T14:26:15+00:00","og_image":[{"width":636,"height":637,"url":"https:\/\/gourmetto.lu\/wp-content\/uploads\/2023\/01\/photo_2023-03-05_16-42-26-1.jpg","type":"image\/jpeg"}],"twitter_card":"summary_large_image","twitter_misc":{"Dur\u00e9e de lecture estim\u00e9e":"1 minute"},"schema":{"@context":"https:\/\/schema.org","@graph":[{"@type":"WebPage","@id":"https:\/\/gourmetto.lu\/fr\/produit\/ragu-lepre\/","url":"https:\/\/gourmetto.lu\/fr\/produit\/ragu-lepre\/","name":"Sauce rag\u00f9 au li\u00e8vre sauvage - Gourmetto","isPartOf":{"@id":"https:\/\/gourmetto.lu\/fr\/#website"},"primaryImageOfPage":{"@id":"https:\/\/gourmetto.lu\/fr\/produit\/ragu-lepre\/#primaryimage"},"image":{"@id":"https:\/\/gourmetto.lu\/fr\/produit\/ragu-lepre\/#primaryimage"},"thumbnailUrl":"https:\/\/gourmetto.lu\/wp-content\/uploads\/2023\/01\/photo_2023-03-05_16-42-26-1.jpg","datePublished":"2023-01-19T09:47:41+00:00","dateModified":"2024-05-30T14:26:15+00:00","breadcrumb":{"@id":"https:\/\/gourmetto.lu\/fr\/produit\/ragu-lepre\/#breadcrumb"},"inLanguage":"fr-FR","potentialAction":[{"@type":"ReadAction","target":["https:\/\/gourmetto.lu\/fr\/produit\/ragu-lepre\/"]}]},{"@type":"ImageObject","inLanguage":"fr-FR","@id":"https:\/\/gourmetto.lu\/fr\/produit\/ragu-lepre\/#primaryimage","url":"https:\/\/gourmetto.lu\/wp-content\/uploads\/2023\/01\/photo_2023-03-05_16-42-26-1.jpg","contentUrl":"https:\/\/gourmetto.lu\/wp-content\/uploads\/2023\/01\/photo_2023-03-05_16-42-26-1.jpg","width":636,"height":637},{"@type":"BreadcrumbList","@id":"https:\/\/gourmetto.lu\/fr\/produit\/ragu-lepre\/#breadcrumb","itemListElement":[{"@type":"ListItem","position":1,"name":"Home","item":"https:\/\/gourmetto.lu\/fr\/"},{"@type":"ListItem","position":2,"name":"Boutique","item":"https:\/\/gourmetto.lu\/shop\/"},{"@type":"ListItem","position":3,"name":"Sauce rag\u00f9 au li\u00e8vre sauvage"}]},{"@type":"WebSite","@id":"https:\/\/gourmetto.lu\/fr\/#website","url":"https:\/\/gourmetto.lu\/fr\/","name":"Gourmetto","description":"","potentialAction":[{"@type":"SearchAction","target":{"@type":"EntryPoint","urlTemplate":"https:\/\/gourmetto.lu\/fr\/?s={search_term_string}"},"query-input":{"@type":"PropertyValueSpecification","valueRequired":true,"valueName":"search_term_string"}}],"inLanguage":"fr-FR"}]}},"jetpack_sharing_enabled":true,"_links":{"self":[{"href":"https:\/\/gourmetto.lu\/fr\/wp-json\/wp\/v2\/product\/2575","targetHints":{"allow":["GET"]}}],"collection":[{"href":"https:\/\/gourmetto.lu\/fr\/wp-json\/wp\/v2\/product"}],"about":[{"href":"https:\/\/gourmetto.lu\/fr\/wp-json\/wp\/v2\/types\/product"}],"wp:featuredmedia":[{"embeddable":true,"href":"https:\/\/gourmetto.lu\/fr\/wp-json\/wp\/v2\/media\/2738"}],"wp:attachment":[{"href":"https:\/\/gourmetto.lu\/fr\/wp-json\/wp\/v2\/media?parent=2575"}],"wp:term":[{"taxonomy":"product_brand","embeddable":true,"href":"https:\/\/gourmetto.lu\/fr\/wp-json\/wp\/v2\/product_brand?post=2575"},{"taxonomy":"product_cat","embeddable":true,"href":"https:\/\/gourmetto.lu\/fr\/wp-json\/wp\/v2\/product_cat?post=2575"},{"taxonomy":"product_tag","embeddable":true,"href":"https:\/\/gourmetto.lu\/fr\/wp-json\/wp\/v2\/product_tag?post=2575"}],"curies":[{"name":"wp","href":"https:\/\/api.w.org\/{rel}","templated":true}]}}

Sauce ragù au lièvre sauvage

<p>Avec 70 ans d&rsquo;activité, Alpe Magna est maître dans l&rsquo;art de mettre sur la table l&rsquo;excellence gastronomique de la région des Dolomites dans les Alpes italiennes. En combinant les bonnes saveurs de la cuisine traditionnelle faite à la main, les ingrédients locaux de haute qualité et les plus avancées techniques d&#8217;emballage ; le résultat est un gout étonnant et une longue durée de conservation, sans aucun conservateur ou autre additif.</p>
<p>&nbsp;</p>
<p>Cette recette paysanne classique du centre de l&rsquo;Italie est rehaussée dans cette préparation par les meilleures parties du lièvre, travaillées à la main et cuites lentement. Le gout de gibier du lièvre est adouci par la macération dans le vin rouge du Trentin et des légères notes de citron et de thym, ce qui donne un goût riche, mais délicat.</p>

<p>Avec 70 ans d&rsquo;activité, Alpe Magna est maître dans l&rsquo;art de mettre sur la table l&rsquo;excellence gastronomique de la région des Dolomites dans les Alpes italiennes. En combinant les bonnes saveurs de la cuisine traditionnelle faite à la main, les ingrédients locaux de haute qualité et les plus avancées techniques d&#8217;emballage ; le résultat est un [&hellip;]</p>

<!-- This site is optimized with the Yoast SEO plugin v25.4 - https://yoast.com/wordpress/plugins/seo/ -->
<title>Sauce ragù au lièvre sauvage - Gourmetto</title>
<meta name="robots" content="index, follow, max-snippet:-1, max-image-preview:large, max-video-preview:-1" />
<link rel="canonical" href="https://gourmetto.lu/fr/produit/ragu-lepre/" />
<meta property="og:locale" content="fr_FR" />
<meta property="og:type" content="article" />
<meta property="og:title" content="Sauce ragù au lièvre sauvage - Gourmetto" />
<meta property="og:description" content="Avec 70 ans d&rsquo;activité, Alpe Magna est maître dans l&rsquo;art de mettre sur la table l&rsquo;excellence gastronomique de la région des Dolomites dans les Alpes italiennes. En combinant les bonnes saveurs de la cuisine traditionnelle faite à la main, les ingrédients locaux de haute qualité et les plus avancées techniques d&#8217;emballage ; le résultat est un [&hellip;]" />
<meta property="og:url" content="https://gourmetto.lu/fr/produit/ragu-lepre/" />
<meta property="og:site_name" content="Gourmetto" />
<meta property="article:modified_time" content="2024-05-30T14:26:15+00:00" />
<meta property="og:image" content="https://gourmetto.lu/wp-content/uploads/2023/01/photo_2023-03-05_16-42-26-1.jpg" />
	<meta property="og:image:width" content="636" />
	<meta property="og:image:height" content="637" />
	<meta property="og:image:type" content="image/jpeg" />
<meta name="twitter:card" content="summary_large_image" />
<meta name="twitter:label1" content="Durée de lecture estimée" />
	<meta name="twitter:data1" content="1 minute" />
<script type="application/ld+json" class="yoast-schema-graph">{"@context":"https://schema.org","@graph":[{"@type":"WebPage","@id":"https://gourmetto.lu/fr/produit/ragu-lepre/","url":"https://gourmetto.lu/fr/produit/ragu-lepre/","name":"Sauce ragù au lièvre sauvage - Gourmetto","isPartOf":{"@id":"https://gourmetto.lu/fr/#website"},"primaryImageOfPage":{"@id":"https://gourmetto.lu/fr/produit/ragu-lepre/#primaryimage"},"image":{"@id":"https://gourmetto.lu/fr/produit/ragu-lepre/#primaryimage"},"thumbnailUrl":"https://gourmetto.lu/wp-content/uploads/2023/01/photo_2023-03-05_16-42-26-1.jpg","datePublished":"2023-01-19T09:47:41+00:00","dateModified":"2024-05-30T14:26:15+00:00","breadcrumb":{"@id":"https://gourmetto.lu/fr/produit/ragu-lepre/#breadcrumb"},"inLanguage":"fr-FR","potentialAction":[{"@type":"ReadAction","target":["https://gourmetto.lu/fr/produit/ragu-lepre/"]}]},{"@type":"ImageObject","inLanguage":"fr-FR","@id":"https://gourmetto.lu/fr/produit/ragu-lepre/#primaryimage","url":"https://gourmetto.lu/wp-content/uploads/2023/01/photo_2023-03-05_16-42-26-1.jpg","contentUrl":"https://gourmetto.lu/wp-content/uploads/2023/01/photo_2023-03-05_16-42-26-1.jpg","width":636,"height":637},{"@type":"BreadcrumbList","@id":"https://gourmetto.lu/fr/produit/ragu-lepre/#breadcrumb","itemListElement":[{"@type":"ListItem","position":1,"name":"Home","item":"https://gourmetto.lu/fr/"},{"@type":"ListItem","position":2,"name":"Boutique","item":"https://gourmetto.lu/shop/"},{"@type":"ListItem","position":3,"name":"Sauce ragù au lièvre sauvage"}]},{"@type":"WebSite","@id":"https://gourmetto.lu/fr/#website","url":"https://gourmetto.lu/fr/","name":"Gourmetto","description":"","potentialAction":[{"@type":"SearchAction","target":{"@type":"EntryPoint","urlTemplate":"https://gourmetto.lu/fr/?s={search_term_string}"},"query-input":{"@type":"PropertyValueSpecification","valueRequired":true,"valueName":"search_term_string"}}],"inLanguage":"fr-FR"}]}</script>
<!-- / Yoast SEO plugin. -->

Sauce ragù au lièvre sauvage - Gourmetto

Avec 70 ans d&rsquo;activité, Alpe Magna est maître dans l&rsquo;art de mettre sur la table l&rsquo;excellence gastronomique de la région des Dolomites dans les Alpes italiennes. En combinant les bonnes saveurs de la cuisine traditionnelle faite à la main, les ingrédients locaux de haute qualité et les plus avancées techniques d&#8217;emballage ; le résultat est un [&hellip;]
