{"id":3452,"date":"2023-11-02T14:22:05","date_gmt":"2023-11-02T13:22:05","guid":{"rendered":"https:\/\/gourmetto.lu\/?post_type=product&#038;p=3452"},"modified":"2025-04-12T10:50:07","modified_gmt":"2025-04-12T08:50:07","slug":"risottozafferano","status":"publish","type":"product","link":"https:\/\/gourmetto.lu\/fr\/produit\/risottozafferano\/","title":{"rendered":"Risotto au safran avec riz Carnaroli"},"content":{"rendered":"<p>La recette de risotto la plus classique, typique de Milan. L&rsquo;origine de cette recette remonte au Moyen \u00c2ge, selon l\u00e9gende invent\u00e9e par un artiste appel\u00e9 Valerio di Fiandra, un verrier belge qui utilisait le safran comme colorant pour les vitraux du D\u00f4me de Milan. Quelles que soient les l\u00e9gendes, le <em>\u00ab\u00a0riso col zafran\u00a0\u00bb<\/em> \u00e9tait un plat courant \u00e0 l&rsquo;\u00e9poque et est rest\u00e9 pratiquement inchang\u00e9 jusqu&rsquo;\u00e0 nos jours.<\/p>\n<p>Provenant de la famille Bianchi, qui cultive le riz et d&rsquo;autres produits dans la province de Pavie, il s&rsquo;agit d&rsquo;un risotto de qualit\u00e9 exceptionnelle, qui permet de pr\u00e9parer un plat de qualit\u00e9 gastronomique dans une bo\u00eete pr\u00eate \u00e0 l&#8217;emploi.<\/p>\n","protected":false},"excerpt":{"rendered":"<p>La recette de risotto la plus classique, typique de Milan. L&rsquo;origine de cette recette remonte au Moyen \u00c2ge, selon l\u00e9gende invent\u00e9e par un artiste appel\u00e9 Valerio di Fiandra, un verrier belge qui utilisait le safran comme colorant pour les vitraux du D\u00f4me de Milan. Quelles que soient les l\u00e9gendes, le \u00ab\u00a0riso col zafran\u00a0\u00bb \u00e9tait un [&hellip;]<\/p>\n","protected":false},"featured_media":3455,"template":"","meta":{"_acf_changed":false},"product_brand":[],"product_cat":[111,108,118],"product_tag":[],"class_list":{"0":"post-3452","1":"product","2":"type-product","3":"status-publish","4":"has-post-thumbnail","6":"product_cat-pasta-fr","7":"product_cat-sans-gluten-fr","8":"product_cat-vegetarien-fr","9":"pa_producers-campo-delloste-fr","11":"first","12":"outofstock","13":"taxable","14":"shipping-taxable","15":"purchasable","16":"product-type-simple"},"bundled_by":[],"bundle_stock_status":"outofstock","bundle_stock_quantity":0,"bundle_virtual":false,"bundle_layout":"","bundle_add_to_cart_form_location":"","bundle_editable_in_cart":false,"bundle_sold_individually_context":"","bundle_item_grouping":"","bundle_min_size":"","bundle_max_size":"","bundled_items":[],"bundle_sell_ids":[],"acf":[],"yoast_head":"<!-- This site is optimized with the Yoast SEO plugin v25.4 - https:\/\/yoast.com\/wordpress\/plugins\/seo\/ -->\n<title>Risotto au safran avec riz Carnaroli - Gourmetto<\/title>\n<meta name=\"robots\" content=\"index, follow, max-snippet:-1, max-image-preview:large, max-video-preview:-1\" \/>\n<link rel=\"canonical\" href=\"https:\/\/gourmetto.lu\/fr\/produit\/risottozafferano\/\" \/>\n<meta property=\"og:locale\" content=\"fr_FR\" \/>\n<meta property=\"og:type\" content=\"article\" \/>\n<meta property=\"og:title\" content=\"Risotto au safran avec riz Carnaroli - Gourmetto\" \/>\n<meta property=\"og:description\" content=\"La recette de risotto la plus classique, typique de Milan. L&rsquo;origine de cette recette remonte au Moyen \u00c2ge, selon l\u00e9gende invent\u00e9e par un artiste appel\u00e9 Valerio di Fiandra, un verrier belge qui utilisait le safran comme colorant pour les vitraux du D\u00f4me de Milan. Quelles que soient les l\u00e9gendes, le \u00ab\u00a0riso col zafran\u00a0\u00bb \u00e9tait un [&hellip;]\" \/>\n<meta property=\"og:url\" content=\"https:\/\/gourmetto.lu\/fr\/produit\/risottozafferano\/\" \/>\n<meta property=\"og:site_name\" content=\"Gourmetto\" \/>\n<meta property=\"article:modified_time\" content=\"2025-04-12T08:50:07+00:00\" \/>\n<meta property=\"og:image\" content=\"https:\/\/gourmetto.lu\/wp-content\/uploads\/2023\/11\/PXL_20230820_105041157.PORTRAIT-scaled.jpg\" \/>\n\t<meta property=\"og:image:width\" content=\"2560\" \/>\n\t<meta property=\"og:image:height\" content=\"2560\" \/>\n\t<meta property=\"og:image:type\" content=\"image\/jpeg\" \/>\n<meta name=\"twitter:card\" content=\"summary_large_image\" \/>\n<meta name=\"twitter:label1\" content=\"Dur\u00e9e de lecture estim\u00e9e\" \/>\n\t<meta name=\"twitter:data1\" content=\"1 minute\" \/>\n<script type=\"application\/ld+json\" class=\"yoast-schema-graph\">{\"@context\":\"https:\/\/schema.org\",\"@graph\":[{\"@type\":\"WebPage\",\"@id\":\"https:\/\/gourmetto.lu\/fr\/produit\/risottozafferano\/\",\"url\":\"https:\/\/gourmetto.lu\/fr\/produit\/risottozafferano\/\",\"name\":\"Risotto au safran avec riz Carnaroli - Gourmetto\",\"isPartOf\":{\"@id\":\"https:\/\/gourmetto.lu\/fr\/#website\"},\"primaryImageOfPage\":{\"@id\":\"https:\/\/gourmetto.lu\/fr\/produit\/risottozafferano\/#primaryimage\"},\"image\":{\"@id\":\"https:\/\/gourmetto.lu\/fr\/produit\/risottozafferano\/#primaryimage\"},\"thumbnailUrl\":\"https:\/\/gourmetto.lu\/wp-content\/uploads\/2023\/11\/PXL_20230820_105041157.PORTRAIT-scaled.jpg\",\"datePublished\":\"2023-11-02T13:22:05+00:00\",\"dateModified\":\"2025-04-12T08:50:07+00:00\",\"breadcrumb\":{\"@id\":\"https:\/\/gourmetto.lu\/fr\/produit\/risottozafferano\/#breadcrumb\"},\"inLanguage\":\"fr-FR\",\"potentialAction\":[{\"@type\":\"ReadAction\",\"target\":[\"https:\/\/gourmetto.lu\/fr\/produit\/risottozafferano\/\"]}]},{\"@type\":\"ImageObject\",\"inLanguage\":\"fr-FR\",\"@id\":\"https:\/\/gourmetto.lu\/fr\/produit\/risottozafferano\/#primaryimage\",\"url\":\"https:\/\/gourmetto.lu\/wp-content\/uploads\/2023\/11\/PXL_20230820_105041157.PORTRAIT-scaled.jpg\",\"contentUrl\":\"https:\/\/gourmetto.lu\/wp-content\/uploads\/2023\/11\/PXL_20230820_105041157.PORTRAIT-scaled.jpg\",\"width\":2560,\"height\":2560},{\"@type\":\"BreadcrumbList\",\"@id\":\"https:\/\/gourmetto.lu\/fr\/produit\/risottozafferano\/#breadcrumb\",\"itemListElement\":[{\"@type\":\"ListItem\",\"position\":1,\"name\":\"Home\",\"item\":\"https:\/\/gourmetto.lu\/fr\/\"},{\"@type\":\"ListItem\",\"position\":2,\"name\":\"Boutique\",\"item\":\"https:\/\/gourmetto.lu\/shop\/\"},{\"@type\":\"ListItem\",\"position\":3,\"name\":\"Risotto au safran avec riz Carnaroli\"}]},{\"@type\":\"WebSite\",\"@id\":\"https:\/\/gourmetto.lu\/fr\/#website\",\"url\":\"https:\/\/gourmetto.lu\/fr\/\",\"name\":\"Gourmetto\",\"description\":\"\",\"potentialAction\":[{\"@type\":\"SearchAction\",\"target\":{\"@type\":\"EntryPoint\",\"urlTemplate\":\"https:\/\/gourmetto.lu\/fr\/?s={search_term_string}\"},\"query-input\":{\"@type\":\"PropertyValueSpecification\",\"valueRequired\":true,\"valueName\":\"search_term_string\"}}],\"inLanguage\":\"fr-FR\"}]}<\/script>\n<!-- \/ Yoast SEO plugin. -->","yoast_head_json":{"title":"Risotto au safran avec riz Carnaroli - Gourmetto","robots":{"index":"index","follow":"follow","max-snippet":"max-snippet:-1","max-image-preview":"max-image-preview:large","max-video-preview":"max-video-preview:-1"},"canonical":"https:\/\/gourmetto.lu\/fr\/produit\/risottozafferano\/","og_locale":"fr_FR","og_type":"article","og_title":"Risotto au safran avec riz Carnaroli - Gourmetto","og_description":"La recette de risotto la plus classique, typique de Milan. L&rsquo;origine de cette recette remonte au Moyen \u00c2ge, selon l\u00e9gende invent\u00e9e par un artiste appel\u00e9 Valerio di Fiandra, un verrier belge qui utilisait le safran comme colorant pour les vitraux du D\u00f4me de Milan. Quelles que soient les l\u00e9gendes, le \u00ab\u00a0riso col zafran\u00a0\u00bb \u00e9tait un [&hellip;]","og_url":"https:\/\/gourmetto.lu\/fr\/produit\/risottozafferano\/","og_site_name":"Gourmetto","article_modified_time":"2025-04-12T08:50:07+00:00","og_image":[{"width":2560,"height":2560,"url":"https:\/\/gourmetto.lu\/wp-content\/uploads\/2023\/11\/PXL_20230820_105041157.PORTRAIT-scaled.jpg","type":"image\/jpeg"}],"twitter_card":"summary_large_image","twitter_misc":{"Dur\u00e9e de lecture estim\u00e9e":"1 minute"},"schema":{"@context":"https:\/\/schema.org","@graph":[{"@type":"WebPage","@id":"https:\/\/gourmetto.lu\/fr\/produit\/risottozafferano\/","url":"https:\/\/gourmetto.lu\/fr\/produit\/risottozafferano\/","name":"Risotto au safran avec riz Carnaroli - Gourmetto","isPartOf":{"@id":"https:\/\/gourmetto.lu\/fr\/#website"},"primaryImageOfPage":{"@id":"https:\/\/gourmetto.lu\/fr\/produit\/risottozafferano\/#primaryimage"},"image":{"@id":"https:\/\/gourmetto.lu\/fr\/produit\/risottozafferano\/#primaryimage"},"thumbnailUrl":"https:\/\/gourmetto.lu\/wp-content\/uploads\/2023\/11\/PXL_20230820_105041157.PORTRAIT-scaled.jpg","datePublished":"2023-11-02T13:22:05+00:00","dateModified":"2025-04-12T08:50:07+00:00","breadcrumb":{"@id":"https:\/\/gourmetto.lu\/fr\/produit\/risottozafferano\/#breadcrumb"},"inLanguage":"fr-FR","potentialAction":[{"@type":"ReadAction","target":["https:\/\/gourmetto.lu\/fr\/produit\/risottozafferano\/"]}]},{"@type":"ImageObject","inLanguage":"fr-FR","@id":"https:\/\/gourmetto.lu\/fr\/produit\/risottozafferano\/#primaryimage","url":"https:\/\/gourmetto.lu\/wp-content\/uploads\/2023\/11\/PXL_20230820_105041157.PORTRAIT-scaled.jpg","contentUrl":"https:\/\/gourmetto.lu\/wp-content\/uploads\/2023\/11\/PXL_20230820_105041157.PORTRAIT-scaled.jpg","width":2560,"height":2560},{"@type":"BreadcrumbList","@id":"https:\/\/gourmetto.lu\/fr\/produit\/risottozafferano\/#breadcrumb","itemListElement":[{"@type":"ListItem","position":1,"name":"Home","item":"https:\/\/gourmetto.lu\/fr\/"},{"@type":"ListItem","position":2,"name":"Boutique","item":"https:\/\/gourmetto.lu\/shop\/"},{"@type":"ListItem","position":3,"name":"Risotto au safran avec riz Carnaroli"}]},{"@type":"WebSite","@id":"https:\/\/gourmetto.lu\/fr\/#website","url":"https:\/\/gourmetto.lu\/fr\/","name":"Gourmetto","description":"","potentialAction":[{"@type":"SearchAction","target":{"@type":"EntryPoint","urlTemplate":"https:\/\/gourmetto.lu\/fr\/?s={search_term_string}"},"query-input":{"@type":"PropertyValueSpecification","valueRequired":true,"valueName":"search_term_string"}}],"inLanguage":"fr-FR"}]}},"jetpack_sharing_enabled":true,"_links":{"self":[{"href":"https:\/\/gourmetto.lu\/fr\/wp-json\/wp\/v2\/product\/3452","targetHints":{"allow":["GET"]}}],"collection":[{"href":"https:\/\/gourmetto.lu\/fr\/wp-json\/wp\/v2\/product"}],"about":[{"href":"https:\/\/gourmetto.lu\/fr\/wp-json\/wp\/v2\/types\/product"}],"wp:featuredmedia":[{"embeddable":true,"href":"https:\/\/gourmetto.lu\/fr\/wp-json\/wp\/v2\/media\/3455"}],"wp:attachment":[{"href":"https:\/\/gourmetto.lu\/fr\/wp-json\/wp\/v2\/media?parent=3452"}],"wp:term":[{"taxonomy":"product_brand","embeddable":true,"href":"https:\/\/gourmetto.lu\/fr\/wp-json\/wp\/v2\/product_brand?post=3452"},{"taxonomy":"product_cat","embeddable":true,"href":"https:\/\/gourmetto.lu\/fr\/wp-json\/wp\/v2\/product_cat?post=3452"},{"taxonomy":"product_tag","embeddable":true,"href":"https:\/\/gourmetto.lu\/fr\/wp-json\/wp\/v2\/product_tag?post=3452"}],"curies":[{"name":"wp","href":"https:\/\/api.w.org\/{rel}","templated":true}]}}

<p>La recette de risotto la plus classique, typique de Milan. L&rsquo;origine de cette recette remonte au Moyen Âge, selon légende inventée par un artiste appelé Valerio di Fiandra, un verrier belge qui utilisait le safran comme colorant pour les vitraux du Dôme de Milan. Quelles que soient les légendes, le <em>« riso col zafran »</em> était un plat courant à l&rsquo;époque et est resté pratiquement inchangé jusqu&rsquo;à nos jours.</p>
<p>Provenant de la famille Bianchi, qui cultive le riz et d&rsquo;autres produits dans la province de Pavie, il s&rsquo;agit d&rsquo;un risotto de qualité exceptionnelle, qui permet de préparer un plat de qualité gastronomique dans une boîte prête à l&#8217;emploi.</p>

<p>La recette de risotto la plus classique, typique de Milan. L&rsquo;origine de cette recette remonte au Moyen Âge, selon légende inventée par un artiste appelé Valerio di Fiandra, un verrier belge qui utilisait le safran comme colorant pour les vitraux du Dôme de Milan. Quelles que soient les légendes, le « riso col zafran » était un [&hellip;]</p>

<!-- This site is optimized with the Yoast SEO plugin v25.4 - https://yoast.com/wordpress/plugins/seo/ -->
<title>Risotto au safran avec riz Carnaroli - Gourmetto</title>
<meta name="robots" content="index, follow, max-snippet:-1, max-image-preview:large, max-video-preview:-1" />
<link rel="canonical" href="https://gourmetto.lu/fr/produit/risottozafferano/" />
<meta property="og:locale" content="fr_FR" />
<meta property="og:type" content="article" />
<meta property="og:title" content="Risotto au safran avec riz Carnaroli - Gourmetto" />
<meta property="og:description" content="La recette de risotto la plus classique, typique de Milan. L&rsquo;origine de cette recette remonte au Moyen Âge, selon légende inventée par un artiste appelé Valerio di Fiandra, un verrier belge qui utilisait le safran comme colorant pour les vitraux du Dôme de Milan. Quelles que soient les légendes, le « riso col zafran » était un [&hellip;]" />
<meta property="og:url" content="https://gourmetto.lu/fr/produit/risottozafferano/" />
<meta property="og:site_name" content="Gourmetto" />
<meta property="article:modified_time" content="2025-04-12T08:50:07+00:00" />
<meta property="og:image" content="https://gourmetto.lu/wp-content/uploads/2023/11/PXL_20230820_105041157.PORTRAIT-scaled.jpg" />
	<meta property="og:image:width" content="2560" />
	<meta property="og:image:height" content="2560" />
	<meta property="og:image:type" content="image/jpeg" />
<meta name="twitter:card" content="summary_large_image" />
<meta name="twitter:label1" content="Durée de lecture estimée" />
	<meta name="twitter:data1" content="1 minute" />
<script type="application/ld+json" class="yoast-schema-graph">{"@context":"https://schema.org","@graph":[{"@type":"WebPage","@id":"https://gourmetto.lu/fr/produit/risottozafferano/","url":"https://gourmetto.lu/fr/produit/risottozafferano/","name":"Risotto au safran avec riz Carnaroli - Gourmetto","isPartOf":{"@id":"https://gourmetto.lu/fr/#website"},"primaryImageOfPage":{"@id":"https://gourmetto.lu/fr/produit/risottozafferano/#primaryimage"},"image":{"@id":"https://gourmetto.lu/fr/produit/risottozafferano/#primaryimage"},"thumbnailUrl":"https://gourmetto.lu/wp-content/uploads/2023/11/PXL_20230820_105041157.PORTRAIT-scaled.jpg","datePublished":"2023-11-02T13:22:05+00:00","dateModified":"2025-04-12T08:50:07+00:00","breadcrumb":{"@id":"https://gourmetto.lu/fr/produit/risottozafferano/#breadcrumb"},"inLanguage":"fr-FR","potentialAction":[{"@type":"ReadAction","target":["https://gourmetto.lu/fr/produit/risottozafferano/"]}]},{"@type":"ImageObject","inLanguage":"fr-FR","@id":"https://gourmetto.lu/fr/produit/risottozafferano/#primaryimage","url":"https://gourmetto.lu/wp-content/uploads/2023/11/PXL_20230820_105041157.PORTRAIT-scaled.jpg","contentUrl":"https://gourmetto.lu/wp-content/uploads/2023/11/PXL_20230820_105041157.PORTRAIT-scaled.jpg","width":2560,"height":2560},{"@type":"BreadcrumbList","@id":"https://gourmetto.lu/fr/produit/risottozafferano/#breadcrumb","itemListElement":[{"@type":"ListItem","position":1,"name":"Home","item":"https://gourmetto.lu/fr/"},{"@type":"ListItem","position":2,"name":"Boutique","item":"https://gourmetto.lu/shop/"},{"@type":"ListItem","position":3,"name":"Risotto au safran avec riz Carnaroli"}]},{"@type":"WebSite","@id":"https://gourmetto.lu/fr/#website","url":"https://gourmetto.lu/fr/","name":"Gourmetto","description":"","potentialAction":[{"@type":"SearchAction","target":{"@type":"EntryPoint","urlTemplate":"https://gourmetto.lu/fr/?s={search_term_string}"},"query-input":{"@type":"PropertyValueSpecification","valueRequired":true,"valueName":"search_term_string"}}],"inLanguage":"fr-FR"}]}</script>
<!-- / Yoast SEO plugin. -->

La recette de risotto la plus classique, typique de Milan. L&rsquo;origine de cette recette remonte au Moyen Âge, selon légende inventée par un artiste appelé Valerio di Fiandra, un verrier belge qui utilisait le safran comme colorant pour les vitraux du Dôme de Milan. Quelles que soient les légendes, le « riso col zafran » était un [&hellip;]
