{"id":3814,"date":"2024-02-29T16:12:36","date_gmt":"2024-02-29T15:12:36","guid":{"rendered":"https:\/\/gourmetto.lu\/?post_type=product&#038;p=3814"},"modified":"2026-01-23T18:46:33","modified_gmt":"2026-01-23T17:46:33","slug":"barracoavola","status":"publish","type":"product","link":"https:\/\/gourmetto.lu\/fr\/produit\/barracoavola\/","title":{"rendered":"Barraco &#8211; Nero d&rsquo;Avola DOC"},"content":{"rendered":"<p>De Nino Barraco &#8211; Un vin rouge fin et \u00e9l\u00e9gant provenant de l&rsquo;ouest de la Sicile.<\/p>\n<p>&nbsp;<\/p>\n<p>Couleur rubis vif et brillant. Ar\u00f4mes de m\u00fbre, de cacao et de poivre noir, avec des notes de caroube, de cerise et de la salinit\u00e9 des c\u00e2pres. Un profil complexe, m\u00eame \u00e0 la d\u00e9gustation, o\u00f9 le vin s&rsquo;\u00e9quilibre entre des saveurs fruit\u00e9es et salines, avec de la fra\u00eecheur et des tannins.<\/p>\n<p>&nbsp;<\/p>\n<p>C\u00e9page : 100% Nero d&rsquo;Avola<\/p>\n<p>Alcool : 13%.<\/p>\n<p>Temp\u00e9rature de service conseill\u00e9e : 18\u00b0C<\/p>\n","protected":false},"excerpt":{"rendered":"<p>De Nino Barraco &#8211; Un vin rouge fin et \u00e9l\u00e9gant provenant de l&rsquo;ouest de la Sicile. &nbsp; Couleur rubis vif et brillant. Ar\u00f4mes de m\u00fbre, de cacao et de poivre noir, avec des notes de caroube, de cerise et de la salinit\u00e9 des c\u00e2pres. Un profil complexe, m\u00eame \u00e0 la d\u00e9gustation, o\u00f9 le vin s&rsquo;\u00e9quilibre [&hellip;]<\/p>\n","protected":false},"featured_media":3838,"template":"","meta":{"_acf_changed":false},"product_brand":[],"product_cat":[114],"product_tag":[],"class_list":{"0":"post-3814","1":"product","2":"type-product","3":"status-publish","4":"has-post-thumbnail","6":"product_cat-vins-fr","7":"pa_producers-nino-barraco","9":"first","10":"instock","11":"taxable","12":"shipping-taxable","13":"purchasable","14":"product-type-simple"},"bundled_by":[],"bundle_stock_status":"instock","bundle_stock_quantity":1,"bundle_virtual":false,"bundle_layout":"","bundle_add_to_cart_form_location":"","bundle_editable_in_cart":false,"bundle_sold_individually_context":"","bundle_item_grouping":"","bundle_min_size":"","bundle_max_size":"","bundled_items":[],"bundle_sell_ids":[],"acf":[],"yoast_head":"<!-- This site is optimized with the Yoast SEO plugin v25.4 - https:\/\/yoast.com\/wordpress\/plugins\/seo\/ -->\n<title>Barraco - Nero d&#039;Avola DOC - Gourmetto<\/title>\n<meta name=\"robots\" content=\"index, follow, max-snippet:-1, max-image-preview:large, max-video-preview:-1\" \/>\n<link rel=\"canonical\" href=\"https:\/\/gourmetto.lu\/fr\/produit\/barracoavola\/\" \/>\n<meta property=\"og:locale\" content=\"fr_FR\" \/>\n<meta property=\"og:type\" content=\"article\" \/>\n<meta property=\"og:title\" content=\"Barraco - Nero d&#039;Avola DOC - Gourmetto\" \/>\n<meta property=\"og:description\" content=\"De Nino Barraco &#8211; Un vin rouge fin et \u00e9l\u00e9gant provenant de l&rsquo;ouest de la Sicile. &nbsp; Couleur rubis vif et brillant. Ar\u00f4mes de m\u00fbre, de cacao et de poivre noir, avec des notes de caroube, de cerise et de la salinit\u00e9 des c\u00e2pres. Un profil complexe, m\u00eame \u00e0 la d\u00e9gustation, o\u00f9 le vin s&rsquo;\u00e9quilibre [&hellip;]\" \/>\n<meta property=\"og:url\" content=\"https:\/\/gourmetto.lu\/fr\/produit\/barracoavola\/\" \/>\n<meta property=\"og:site_name\" content=\"Gourmetto\" \/>\n<meta property=\"article:modified_time\" content=\"2026-01-23T17:46:33+00:00\" \/>\n<meta property=\"og:image\" content=\"https:\/\/gourmetto.lu\/wp-content\/uploads\/2024\/02\/PXL_20240302_132000802.PORTRAIT.ORIGINAL-scaled.jpg\" \/>\n\t<meta property=\"og:image:width\" content=\"2560\" \/>\n\t<meta property=\"og:image:height\" content=\"2560\" \/>\n\t<meta property=\"og:image:type\" content=\"image\/jpeg\" \/>\n<meta name=\"twitter:card\" content=\"summary_large_image\" \/>\n<meta name=\"twitter:label1\" content=\"Dur\u00e9e de lecture estim\u00e9e\" \/>\n\t<meta name=\"twitter:data1\" content=\"1 minute\" \/>\n<script type=\"application\/ld+json\" class=\"yoast-schema-graph\">{\"@context\":\"https:\/\/schema.org\",\"@graph\":[{\"@type\":\"WebPage\",\"@id\":\"https:\/\/gourmetto.lu\/fr\/produit\/barracoavola\/\",\"url\":\"https:\/\/gourmetto.lu\/fr\/produit\/barracoavola\/\",\"name\":\"Barraco - Nero d'Avola DOC - Gourmetto\",\"isPartOf\":{\"@id\":\"https:\/\/gourmetto.lu\/fr\/#website\"},\"primaryImageOfPage\":{\"@id\":\"https:\/\/gourmetto.lu\/fr\/produit\/barracoavola\/#primaryimage\"},\"image\":{\"@id\":\"https:\/\/gourmetto.lu\/fr\/produit\/barracoavola\/#primaryimage\"},\"thumbnailUrl\":\"https:\/\/gourmetto.lu\/wp-content\/uploads\/2024\/02\/PXL_20240302_132000802.PORTRAIT.ORIGINAL-scaled.jpg\",\"datePublished\":\"2024-02-29T15:12:36+00:00\",\"dateModified\":\"2026-01-23T17:46:33+00:00\",\"breadcrumb\":{\"@id\":\"https:\/\/gourmetto.lu\/fr\/produit\/barracoavola\/#breadcrumb\"},\"inLanguage\":\"fr-FR\",\"potentialAction\":[{\"@type\":\"ReadAction\",\"target\":[\"https:\/\/gourmetto.lu\/fr\/produit\/barracoavola\/\"]}]},{\"@type\":\"ImageObject\",\"inLanguage\":\"fr-FR\",\"@id\":\"https:\/\/gourmetto.lu\/fr\/produit\/barracoavola\/#primaryimage\",\"url\":\"https:\/\/gourmetto.lu\/wp-content\/uploads\/2024\/02\/PXL_20240302_132000802.PORTRAIT.ORIGINAL-scaled.jpg\",\"contentUrl\":\"https:\/\/gourmetto.lu\/wp-content\/uploads\/2024\/02\/PXL_20240302_132000802.PORTRAIT.ORIGINAL-scaled.jpg\",\"width\":2560,\"height\":2560},{\"@type\":\"BreadcrumbList\",\"@id\":\"https:\/\/gourmetto.lu\/fr\/produit\/barracoavola\/#breadcrumb\",\"itemListElement\":[{\"@type\":\"ListItem\",\"position\":1,\"name\":\"Home\",\"item\":\"https:\/\/gourmetto.lu\/fr\/\"},{\"@type\":\"ListItem\",\"position\":2,\"name\":\"Boutique\",\"item\":\"https:\/\/gourmetto.lu\/shop\/\"},{\"@type\":\"ListItem\",\"position\":3,\"name\":\"Barraco &#8211; Nero d&#8217;Avola DOC\"}]},{\"@type\":\"WebSite\",\"@id\":\"https:\/\/gourmetto.lu\/fr\/#website\",\"url\":\"https:\/\/gourmetto.lu\/fr\/\",\"name\":\"Gourmetto\",\"description\":\"\",\"potentialAction\":[{\"@type\":\"SearchAction\",\"target\":{\"@type\":\"EntryPoint\",\"urlTemplate\":\"https:\/\/gourmetto.lu\/fr\/?s={search_term_string}\"},\"query-input\":{\"@type\":\"PropertyValueSpecification\",\"valueRequired\":true,\"valueName\":\"search_term_string\"}}],\"inLanguage\":\"fr-FR\"}]}<\/script>\n<!-- \/ Yoast SEO plugin. -->","yoast_head_json":{"title":"Barraco - Nero d'Avola DOC - Gourmetto","robots":{"index":"index","follow":"follow","max-snippet":"max-snippet:-1","max-image-preview":"max-image-preview:large","max-video-preview":"max-video-preview:-1"},"canonical":"https:\/\/gourmetto.lu\/fr\/produit\/barracoavola\/","og_locale":"fr_FR","og_type":"article","og_title":"Barraco - Nero d'Avola DOC - Gourmetto","og_description":"De Nino Barraco &#8211; Un vin rouge fin et \u00e9l\u00e9gant provenant de l&rsquo;ouest de la Sicile. &nbsp; Couleur rubis vif et brillant. Ar\u00f4mes de m\u00fbre, de cacao et de poivre noir, avec des notes de caroube, de cerise et de la salinit\u00e9 des c\u00e2pres. Un profil complexe, m\u00eame \u00e0 la d\u00e9gustation, o\u00f9 le vin s&rsquo;\u00e9quilibre [&hellip;]","og_url":"https:\/\/gourmetto.lu\/fr\/produit\/barracoavola\/","og_site_name":"Gourmetto","article_modified_time":"2026-01-23T17:46:33+00:00","og_image":[{"width":2560,"height":2560,"url":"https:\/\/gourmetto.lu\/wp-content\/uploads\/2024\/02\/PXL_20240302_132000802.PORTRAIT.ORIGINAL-scaled.jpg","type":"image\/jpeg"}],"twitter_card":"summary_large_image","twitter_misc":{"Dur\u00e9e de lecture estim\u00e9e":"1 minute"},"schema":{"@context":"https:\/\/schema.org","@graph":[{"@type":"WebPage","@id":"https:\/\/gourmetto.lu\/fr\/produit\/barracoavola\/","url":"https:\/\/gourmetto.lu\/fr\/produit\/barracoavola\/","name":"Barraco - Nero d'Avola DOC - Gourmetto","isPartOf":{"@id":"https:\/\/gourmetto.lu\/fr\/#website"},"primaryImageOfPage":{"@id":"https:\/\/gourmetto.lu\/fr\/produit\/barracoavola\/#primaryimage"},"image":{"@id":"https:\/\/gourmetto.lu\/fr\/produit\/barracoavola\/#primaryimage"},"thumbnailUrl":"https:\/\/gourmetto.lu\/wp-content\/uploads\/2024\/02\/PXL_20240302_132000802.PORTRAIT.ORIGINAL-scaled.jpg","datePublished":"2024-02-29T15:12:36+00:00","dateModified":"2026-01-23T17:46:33+00:00","breadcrumb":{"@id":"https:\/\/gourmetto.lu\/fr\/produit\/barracoavola\/#breadcrumb"},"inLanguage":"fr-FR","potentialAction":[{"@type":"ReadAction","target":["https:\/\/gourmetto.lu\/fr\/produit\/barracoavola\/"]}]},{"@type":"ImageObject","inLanguage":"fr-FR","@id":"https:\/\/gourmetto.lu\/fr\/produit\/barracoavola\/#primaryimage","url":"https:\/\/gourmetto.lu\/wp-content\/uploads\/2024\/02\/PXL_20240302_132000802.PORTRAIT.ORIGINAL-scaled.jpg","contentUrl":"https:\/\/gourmetto.lu\/wp-content\/uploads\/2024\/02\/PXL_20240302_132000802.PORTRAIT.ORIGINAL-scaled.jpg","width":2560,"height":2560},{"@type":"BreadcrumbList","@id":"https:\/\/gourmetto.lu\/fr\/produit\/barracoavola\/#breadcrumb","itemListElement":[{"@type":"ListItem","position":1,"name":"Home","item":"https:\/\/gourmetto.lu\/fr\/"},{"@type":"ListItem","position":2,"name":"Boutique","item":"https:\/\/gourmetto.lu\/shop\/"},{"@type":"ListItem","position":3,"name":"Barraco &#8211; Nero d&#8217;Avola DOC"}]},{"@type":"WebSite","@id":"https:\/\/gourmetto.lu\/fr\/#website","url":"https:\/\/gourmetto.lu\/fr\/","name":"Gourmetto","description":"","potentialAction":[{"@type":"SearchAction","target":{"@type":"EntryPoint","urlTemplate":"https:\/\/gourmetto.lu\/fr\/?s={search_term_string}"},"query-input":{"@type":"PropertyValueSpecification","valueRequired":true,"valueName":"search_term_string"}}],"inLanguage":"fr-FR"}]}},"jetpack_sharing_enabled":true,"_links":{"self":[{"href":"https:\/\/gourmetto.lu\/fr\/wp-json\/wp\/v2\/product\/3814","targetHints":{"allow":["GET"]}}],"collection":[{"href":"https:\/\/gourmetto.lu\/fr\/wp-json\/wp\/v2\/product"}],"about":[{"href":"https:\/\/gourmetto.lu\/fr\/wp-json\/wp\/v2\/types\/product"}],"wp:featuredmedia":[{"embeddable":true,"href":"https:\/\/gourmetto.lu\/fr\/wp-json\/wp\/v2\/media\/3838"}],"wp:attachment":[{"href":"https:\/\/gourmetto.lu\/fr\/wp-json\/wp\/v2\/media?parent=3814"}],"wp:term":[{"taxonomy":"product_brand","embeddable":true,"href":"https:\/\/gourmetto.lu\/fr\/wp-json\/wp\/v2\/product_brand?post=3814"},{"taxonomy":"product_cat","embeddable":true,"href":"https:\/\/gourmetto.lu\/fr\/wp-json\/wp\/v2\/product_cat?post=3814"},{"taxonomy":"product_tag","embeddable":true,"href":"https:\/\/gourmetto.lu\/fr\/wp-json\/wp\/v2\/product_tag?post=3814"}],"curies":[{"name":"wp","href":"https:\/\/api.w.org\/{rel}","templated":true}]}}

<p>De Nino Barraco &#8211; Un vin rouge fin et élégant provenant de l&rsquo;ouest de la Sicile.</p>
<p>&nbsp;</p>
<p>Couleur rubis vif et brillant. Arômes de mûre, de cacao et de poivre noir, avec des notes de caroube, de cerise et de la salinité des câpres. Un profil complexe, même à la dégustation, où le vin s&rsquo;équilibre entre des saveurs fruitées et salines, avec de la fraîcheur et des tannins.</p>
<p>&nbsp;</p>
<p>Cépage : 100% Nero d&rsquo;Avola</p>
<p>Alcool : 13%.</p>
<p>Température de service conseillée : 18°C</p>

<p>De Nino Barraco &#8211; Un vin rouge fin et élégant provenant de l&rsquo;ouest de la Sicile. &nbsp; Couleur rubis vif et brillant. Arômes de mûre, de cacao et de poivre noir, avec des notes de caroube, de cerise et de la salinité des câpres. Un profil complexe, même à la dégustation, où le vin s&rsquo;équilibre [&hellip;]</p>

<!-- This site is optimized with the Yoast SEO plugin v25.4 - https://yoast.com/wordpress/plugins/seo/ -->
<title>Barraco - Nero d&#039;Avola DOC - Gourmetto</title>
<meta name="robots" content="index, follow, max-snippet:-1, max-image-preview:large, max-video-preview:-1" />
<link rel="canonical" href="https://gourmetto.lu/fr/produit/barracoavola/" />
<meta property="og:locale" content="fr_FR" />
<meta property="og:type" content="article" />
<meta property="og:title" content="Barraco - Nero d&#039;Avola DOC - Gourmetto" />
<meta property="og:description" content="De Nino Barraco &#8211; Un vin rouge fin et élégant provenant de l&rsquo;ouest de la Sicile. &nbsp; Couleur rubis vif et brillant. Arômes de mûre, de cacao et de poivre noir, avec des notes de caroube, de cerise et de la salinité des câpres. Un profil complexe, même à la dégustation, où le vin s&rsquo;équilibre [&hellip;]" />
<meta property="og:url" content="https://gourmetto.lu/fr/produit/barracoavola/" />
<meta property="og:site_name" content="Gourmetto" />
<meta property="article:modified_time" content="2026-01-23T17:46:33+00:00" />
<meta property="og:image" content="https://gourmetto.lu/wp-content/uploads/2024/02/PXL_20240302_132000802.PORTRAIT.ORIGINAL-scaled.jpg" />
	<meta property="og:image:width" content="2560" />
	<meta property="og:image:height" content="2560" />
	<meta property="og:image:type" content="image/jpeg" />
<meta name="twitter:card" content="summary_large_image" />
<meta name="twitter:label1" content="Durée de lecture estimée" />
	<meta name="twitter:data1" content="1 minute" />
<script type="application/ld+json" class="yoast-schema-graph">{"@context":"https://schema.org","@graph":[{"@type":"WebPage","@id":"https://gourmetto.lu/fr/produit/barracoavola/","url":"https://gourmetto.lu/fr/produit/barracoavola/","name":"Barraco - Nero d'Avola DOC - Gourmetto","isPartOf":{"@id":"https://gourmetto.lu/fr/#website"},"primaryImageOfPage":{"@id":"https://gourmetto.lu/fr/produit/barracoavola/#primaryimage"},"image":{"@id":"https://gourmetto.lu/fr/produit/barracoavola/#primaryimage"},"thumbnailUrl":"https://gourmetto.lu/wp-content/uploads/2024/02/PXL_20240302_132000802.PORTRAIT.ORIGINAL-scaled.jpg","datePublished":"2024-02-29T15:12:36+00:00","dateModified":"2026-01-23T17:46:33+00:00","breadcrumb":{"@id":"https://gourmetto.lu/fr/produit/barracoavola/#breadcrumb"},"inLanguage":"fr-FR","potentialAction":[{"@type":"ReadAction","target":["https://gourmetto.lu/fr/produit/barracoavola/"]}]},{"@type":"ImageObject","inLanguage":"fr-FR","@id":"https://gourmetto.lu/fr/produit/barracoavola/#primaryimage","url":"https://gourmetto.lu/wp-content/uploads/2024/02/PXL_20240302_132000802.PORTRAIT.ORIGINAL-scaled.jpg","contentUrl":"https://gourmetto.lu/wp-content/uploads/2024/02/PXL_20240302_132000802.PORTRAIT.ORIGINAL-scaled.jpg","width":2560,"height":2560},{"@type":"BreadcrumbList","@id":"https://gourmetto.lu/fr/produit/barracoavola/#breadcrumb","itemListElement":[{"@type":"ListItem","position":1,"name":"Home","item":"https://gourmetto.lu/fr/"},{"@type":"ListItem","position":2,"name":"Boutique","item":"https://gourmetto.lu/shop/"},{"@type":"ListItem","position":3,"name":"Barraco &#8211; Nero d&#8217;Avola DOC"}]},{"@type":"WebSite","@id":"https://gourmetto.lu/fr/#website","url":"https://gourmetto.lu/fr/","name":"Gourmetto","description":"","potentialAction":[{"@type":"SearchAction","target":{"@type":"EntryPoint","urlTemplate":"https://gourmetto.lu/fr/?s={search_term_string}"},"query-input":{"@type":"PropertyValueSpecification","valueRequired":true,"valueName":"search_term_string"}}],"inLanguage":"fr-FR"}]}</script>
<!-- / Yoast SEO plugin. -->

De Nino Barraco &#8211; Un vin rouge fin et élégant provenant de l&rsquo;ouest de la Sicile. &nbsp; Couleur rubis vif et brillant. Arômes de mûre, de cacao et de poivre noir, avec des notes de caroube, de cerise et de la salinité des câpres. Un profil complexe, même à la dégustation, où le vin s&rsquo;équilibre [&hellip;]
