{"id":3819,"date":"2024-02-29T16:29:12","date_gmt":"2024-02-29T15:29:12","guid":{"rendered":"https:\/\/gourmetto.lu\/?post_type=product&#038;p=3819"},"modified":"2024-06-15T18:01:48","modified_gmt":"2024-06-15T16:01:48","slug":"smicheleclassico","status":"publish","type":"product","link":"https:\/\/gourmetto.lu\/fr\/produit\/smicheleclassico\/","title":{"rendered":"NumerOcinque &#8211; La Marca di San Michele Verdicchio cremant"},"content":{"rendered":"<p>De la Marca di S. Michele, un excellent vin cr\u00e9mant m\u00e9thode traditionnelle, non dos\u00e9. Informel et croquant, avec une petite bulle agressive.<\/p>\n<p>&nbsp;<\/p>\n<p>Jaune brillant, l\u00e9g\u00e8rement trouble. Parfum\u00e9, intense, avec un parfum de c\u00e8dre et beaucoup de min\u00e9ralit\u00e9. Sec, d\u00e9cisif, presque tranchant en bouche. Les derniers verres, au fur et \u00e0 mesure que le vin se r\u00e9chauffe, prennent des notes de cr\u00e8me br\u00fbl\u00e9e.<\/p>\n<p>&nbsp;<\/p>\n<p>C\u00e9page : 100% Verdicchio<\/p>\n<p>Alcool : 12.5%.<\/p>\n<p>Temp\u00e9rature de service conseill\u00e9e : 6\u00b0C<\/p>\n","protected":false},"excerpt":{"rendered":"<p>De la Marca di S. Michele, un excellent vin cr\u00e9mant m\u00e9thode traditionnelle, non dos\u00e9. Informel et croquant, avec une petite bulle agressive. &nbsp; Jaune brillant, l\u00e9g\u00e8rement trouble. Parfum\u00e9, intense, avec un parfum de c\u00e8dre et beaucoup de min\u00e9ralit\u00e9. Sec, d\u00e9cisif, presque tranchant en bouche. Les derniers verres, au fur et \u00e0 mesure que le vin [&hellip;]<\/p>\n","protected":false},"featured_media":3834,"template":"","meta":{"_acf_changed":false},"product_brand":[],"product_cat":[114],"product_tag":[],"class_list":{"0":"post-3819","1":"product","2":"type-product","3":"status-publish","4":"has-post-thumbnail","6":"product_cat-vins-fr","7":"pa_producers-la-marca-di-san-michele-2","9":"first","10":"instock","11":"taxable","12":"shipping-taxable","13":"purchasable","14":"product-type-simple"},"bundled_by":[],"bundle_stock_status":"instock","bundle_stock_quantity":4,"bundle_virtual":false,"bundle_layout":"","bundle_add_to_cart_form_location":"","bundle_editable_in_cart":false,"bundle_sold_individually_context":"","bundle_item_grouping":"","bundle_min_size":"","bundle_max_size":"","bundled_items":[],"bundle_sell_ids":[],"acf":[],"yoast_head":"<!-- This site is optimized with the Yoast SEO plugin v25.4 - https:\/\/yoast.com\/wordpress\/plugins\/seo\/ -->\n<title>NumerOcinque - La Marca di San Michele Verdicchio cremant - Gourmetto<\/title>\n<meta name=\"robots\" content=\"index, follow, max-snippet:-1, max-image-preview:large, max-video-preview:-1\" \/>\n<link rel=\"canonical\" href=\"https:\/\/gourmetto.lu\/fr\/produit\/smicheleclassico\/\" \/>\n<meta property=\"og:locale\" content=\"fr_FR\" \/>\n<meta property=\"og:type\" content=\"article\" \/>\n<meta property=\"og:title\" content=\"NumerOcinque - La Marca di San Michele Verdicchio cremant - Gourmetto\" \/>\n<meta property=\"og:description\" content=\"De la Marca di S. Michele, un excellent vin cr\u00e9mant m\u00e9thode traditionnelle, non dos\u00e9. Informel et croquant, avec une petite bulle agressive. &nbsp; Jaune brillant, l\u00e9g\u00e8rement trouble. Parfum\u00e9, intense, avec un parfum de c\u00e8dre et beaucoup de min\u00e9ralit\u00e9. Sec, d\u00e9cisif, presque tranchant en bouche. Les derniers verres, au fur et \u00e0 mesure que le vin [&hellip;]\" \/>\n<meta property=\"og:url\" content=\"https:\/\/gourmetto.lu\/fr\/produit\/smicheleclassico\/\" \/>\n<meta property=\"og:site_name\" content=\"Gourmetto\" \/>\n<meta property=\"article:modified_time\" content=\"2024-06-15T16:01:48+00:00\" \/>\n<meta property=\"og:image\" content=\"https:\/\/gourmetto.lu\/wp-content\/uploads\/2024\/02\/PXL_20240302_132307634.PORTRAIT-scaled.jpg\" \/>\n\t<meta property=\"og:image:width\" content=\"2560\" \/>\n\t<meta property=\"og:image:height\" content=\"2560\" \/>\n\t<meta property=\"og:image:type\" content=\"image\/jpeg\" \/>\n<meta name=\"twitter:card\" content=\"summary_large_image\" \/>\n<meta name=\"twitter:label1\" content=\"Dur\u00e9e de lecture estim\u00e9e\" \/>\n\t<meta name=\"twitter:data1\" content=\"1 minute\" \/>\n<script type=\"application\/ld+json\" class=\"yoast-schema-graph\">{\"@context\":\"https:\/\/schema.org\",\"@graph\":[{\"@type\":\"WebPage\",\"@id\":\"https:\/\/gourmetto.lu\/fr\/produit\/smicheleclassico\/\",\"url\":\"https:\/\/gourmetto.lu\/fr\/produit\/smicheleclassico\/\",\"name\":\"NumerOcinque - La Marca di San Michele Verdicchio cremant - Gourmetto\",\"isPartOf\":{\"@id\":\"https:\/\/gourmetto.lu\/fr\/#website\"},\"primaryImageOfPage\":{\"@id\":\"https:\/\/gourmetto.lu\/fr\/produit\/smicheleclassico\/#primaryimage\"},\"image\":{\"@id\":\"https:\/\/gourmetto.lu\/fr\/produit\/smicheleclassico\/#primaryimage\"},\"thumbnailUrl\":\"https:\/\/gourmetto.lu\/wp-content\/uploads\/2024\/02\/PXL_20240302_132307634.PORTRAIT-scaled.jpg\",\"datePublished\":\"2024-02-29T15:29:12+00:00\",\"dateModified\":\"2024-06-15T16:01:48+00:00\",\"breadcrumb\":{\"@id\":\"https:\/\/gourmetto.lu\/fr\/produit\/smicheleclassico\/#breadcrumb\"},\"inLanguage\":\"fr-FR\",\"potentialAction\":[{\"@type\":\"ReadAction\",\"target\":[\"https:\/\/gourmetto.lu\/fr\/produit\/smicheleclassico\/\"]}]},{\"@type\":\"ImageObject\",\"inLanguage\":\"fr-FR\",\"@id\":\"https:\/\/gourmetto.lu\/fr\/produit\/smicheleclassico\/#primaryimage\",\"url\":\"https:\/\/gourmetto.lu\/wp-content\/uploads\/2024\/02\/PXL_20240302_132307634.PORTRAIT-scaled.jpg\",\"contentUrl\":\"https:\/\/gourmetto.lu\/wp-content\/uploads\/2024\/02\/PXL_20240302_132307634.PORTRAIT-scaled.jpg\",\"width\":2560,\"height\":2560},{\"@type\":\"BreadcrumbList\",\"@id\":\"https:\/\/gourmetto.lu\/fr\/produit\/smicheleclassico\/#breadcrumb\",\"itemListElement\":[{\"@type\":\"ListItem\",\"position\":1,\"name\":\"Home\",\"item\":\"https:\/\/gourmetto.lu\/fr\/\"},{\"@type\":\"ListItem\",\"position\":2,\"name\":\"Boutique\",\"item\":\"https:\/\/gourmetto.lu\/shop\/\"},{\"@type\":\"ListItem\",\"position\":3,\"name\":\"NumerOcinque &#8211; La Marca di San Michele Verdicchio cremant\"}]},{\"@type\":\"WebSite\",\"@id\":\"https:\/\/gourmetto.lu\/fr\/#website\",\"url\":\"https:\/\/gourmetto.lu\/fr\/\",\"name\":\"Gourmetto\",\"description\":\"\",\"potentialAction\":[{\"@type\":\"SearchAction\",\"target\":{\"@type\":\"EntryPoint\",\"urlTemplate\":\"https:\/\/gourmetto.lu\/fr\/?s={search_term_string}\"},\"query-input\":{\"@type\":\"PropertyValueSpecification\",\"valueRequired\":true,\"valueName\":\"search_term_string\"}}],\"inLanguage\":\"fr-FR\"}]}<\/script>\n<!-- \/ Yoast SEO plugin. -->","yoast_head_json":{"title":"NumerOcinque - La Marca di San Michele Verdicchio cremant - Gourmetto","robots":{"index":"index","follow":"follow","max-snippet":"max-snippet:-1","max-image-preview":"max-image-preview:large","max-video-preview":"max-video-preview:-1"},"canonical":"https:\/\/gourmetto.lu\/fr\/produit\/smicheleclassico\/","og_locale":"fr_FR","og_type":"article","og_title":"NumerOcinque - La Marca di San Michele Verdicchio cremant - Gourmetto","og_description":"De la Marca di S. Michele, un excellent vin cr\u00e9mant m\u00e9thode traditionnelle, non dos\u00e9. Informel et croquant, avec une petite bulle agressive. &nbsp; Jaune brillant, l\u00e9g\u00e8rement trouble. Parfum\u00e9, intense, avec un parfum de c\u00e8dre et beaucoup de min\u00e9ralit\u00e9. Sec, d\u00e9cisif, presque tranchant en bouche. Les derniers verres, au fur et \u00e0 mesure que le vin [&hellip;]","og_url":"https:\/\/gourmetto.lu\/fr\/produit\/smicheleclassico\/","og_site_name":"Gourmetto","article_modified_time":"2024-06-15T16:01:48+00:00","og_image":[{"width":2560,"height":2560,"url":"https:\/\/gourmetto.lu\/wp-content\/uploads\/2024\/02\/PXL_20240302_132307634.PORTRAIT-scaled.jpg","type":"image\/jpeg"}],"twitter_card":"summary_large_image","twitter_misc":{"Dur\u00e9e de lecture estim\u00e9e":"1 minute"},"schema":{"@context":"https:\/\/schema.org","@graph":[{"@type":"WebPage","@id":"https:\/\/gourmetto.lu\/fr\/produit\/smicheleclassico\/","url":"https:\/\/gourmetto.lu\/fr\/produit\/smicheleclassico\/","name":"NumerOcinque - La Marca di San Michele Verdicchio cremant - Gourmetto","isPartOf":{"@id":"https:\/\/gourmetto.lu\/fr\/#website"},"primaryImageOfPage":{"@id":"https:\/\/gourmetto.lu\/fr\/produit\/smicheleclassico\/#primaryimage"},"image":{"@id":"https:\/\/gourmetto.lu\/fr\/produit\/smicheleclassico\/#primaryimage"},"thumbnailUrl":"https:\/\/gourmetto.lu\/wp-content\/uploads\/2024\/02\/PXL_20240302_132307634.PORTRAIT-scaled.jpg","datePublished":"2024-02-29T15:29:12+00:00","dateModified":"2024-06-15T16:01:48+00:00","breadcrumb":{"@id":"https:\/\/gourmetto.lu\/fr\/produit\/smicheleclassico\/#breadcrumb"},"inLanguage":"fr-FR","potentialAction":[{"@type":"ReadAction","target":["https:\/\/gourmetto.lu\/fr\/produit\/smicheleclassico\/"]}]},{"@type":"ImageObject","inLanguage":"fr-FR","@id":"https:\/\/gourmetto.lu\/fr\/produit\/smicheleclassico\/#primaryimage","url":"https:\/\/gourmetto.lu\/wp-content\/uploads\/2024\/02\/PXL_20240302_132307634.PORTRAIT-scaled.jpg","contentUrl":"https:\/\/gourmetto.lu\/wp-content\/uploads\/2024\/02\/PXL_20240302_132307634.PORTRAIT-scaled.jpg","width":2560,"height":2560},{"@type":"BreadcrumbList","@id":"https:\/\/gourmetto.lu\/fr\/produit\/smicheleclassico\/#breadcrumb","itemListElement":[{"@type":"ListItem","position":1,"name":"Home","item":"https:\/\/gourmetto.lu\/fr\/"},{"@type":"ListItem","position":2,"name":"Boutique","item":"https:\/\/gourmetto.lu\/shop\/"},{"@type":"ListItem","position":3,"name":"NumerOcinque &#8211; La Marca di San Michele Verdicchio cremant"}]},{"@type":"WebSite","@id":"https:\/\/gourmetto.lu\/fr\/#website","url":"https:\/\/gourmetto.lu\/fr\/","name":"Gourmetto","description":"","potentialAction":[{"@type":"SearchAction","target":{"@type":"EntryPoint","urlTemplate":"https:\/\/gourmetto.lu\/fr\/?s={search_term_string}"},"query-input":{"@type":"PropertyValueSpecification","valueRequired":true,"valueName":"search_term_string"}}],"inLanguage":"fr-FR"}]}},"jetpack_sharing_enabled":true,"_links":{"self":[{"href":"https:\/\/gourmetto.lu\/fr\/wp-json\/wp\/v2\/product\/3819","targetHints":{"allow":["GET"]}}],"collection":[{"href":"https:\/\/gourmetto.lu\/fr\/wp-json\/wp\/v2\/product"}],"about":[{"href":"https:\/\/gourmetto.lu\/fr\/wp-json\/wp\/v2\/types\/product"}],"wp:featuredmedia":[{"embeddable":true,"href":"https:\/\/gourmetto.lu\/fr\/wp-json\/wp\/v2\/media\/3834"}],"wp:attachment":[{"href":"https:\/\/gourmetto.lu\/fr\/wp-json\/wp\/v2\/media?parent=3819"}],"wp:term":[{"taxonomy":"product_brand","embeddable":true,"href":"https:\/\/gourmetto.lu\/fr\/wp-json\/wp\/v2\/product_brand?post=3819"},{"taxonomy":"product_cat","embeddable":true,"href":"https:\/\/gourmetto.lu\/fr\/wp-json\/wp\/v2\/product_cat?post=3819"},{"taxonomy":"product_tag","embeddable":true,"href":"https:\/\/gourmetto.lu\/fr\/wp-json\/wp\/v2\/product_tag?post=3819"}],"curies":[{"name":"wp","href":"https:\/\/api.w.org\/{rel}","templated":true}]}}

<p>De la Marca di S. Michele, un excellent vin crémant méthode traditionnelle, non dosé. Informel et croquant, avec une petite bulle agressive.</p>
<p>&nbsp;</p>
<p>Jaune brillant, légèrement trouble. Parfumé, intense, avec un parfum de cèdre et beaucoup de minéralité. Sec, décisif, presque tranchant en bouche. Les derniers verres, au fur et à mesure que le vin se réchauffe, prennent des notes de crème brûlée.</p>
<p>&nbsp;</p>
<p>Cépage : 100% Verdicchio</p>
<p>Alcool : 12.5%.</p>
<p>Température de service conseillée : 6°C</p>

<p>De la Marca di S. Michele, un excellent vin crémant méthode traditionnelle, non dosé. Informel et croquant, avec une petite bulle agressive. &nbsp; Jaune brillant, légèrement trouble. Parfumé, intense, avec un parfum de cèdre et beaucoup de minéralité. Sec, décisif, presque tranchant en bouche. Les derniers verres, au fur et à mesure que le vin [&hellip;]</p>

<!-- This site is optimized with the Yoast SEO plugin v25.4 - https://yoast.com/wordpress/plugins/seo/ -->
<title>NumerOcinque - La Marca di San Michele Verdicchio cremant - Gourmetto</title>
<meta name="robots" content="index, follow, max-snippet:-1, max-image-preview:large, max-video-preview:-1" />
<link rel="canonical" href="https://gourmetto.lu/fr/produit/smicheleclassico/" />
<meta property="og:locale" content="fr_FR" />
<meta property="og:type" content="article" />
<meta property="og:title" content="NumerOcinque - La Marca di San Michele Verdicchio cremant - Gourmetto" />
<meta property="og:description" content="De la Marca di S. Michele, un excellent vin crémant méthode traditionnelle, non dosé. Informel et croquant, avec une petite bulle agressive. &nbsp; Jaune brillant, légèrement trouble. Parfumé, intense, avec un parfum de cèdre et beaucoup de minéralité. Sec, décisif, presque tranchant en bouche. Les derniers verres, au fur et à mesure que le vin [&hellip;]" />
<meta property="og:url" content="https://gourmetto.lu/fr/produit/smicheleclassico/" />
<meta property="og:site_name" content="Gourmetto" />
<meta property="article:modified_time" content="2024-06-15T16:01:48+00:00" />
<meta property="og:image" content="https://gourmetto.lu/wp-content/uploads/2024/02/PXL_20240302_132307634.PORTRAIT-scaled.jpg" />
	<meta property="og:image:width" content="2560" />
	<meta property="og:image:height" content="2560" />
	<meta property="og:image:type" content="image/jpeg" />
<meta name="twitter:card" content="summary_large_image" />
<meta name="twitter:label1" content="Durée de lecture estimée" />
	<meta name="twitter:data1" content="1 minute" />
<script type="application/ld+json" class="yoast-schema-graph">{"@context":"https://schema.org","@graph":[{"@type":"WebPage","@id":"https://gourmetto.lu/fr/produit/smicheleclassico/","url":"https://gourmetto.lu/fr/produit/smicheleclassico/","name":"NumerOcinque - La Marca di San Michele Verdicchio cremant - Gourmetto","isPartOf":{"@id":"https://gourmetto.lu/fr/#website"},"primaryImageOfPage":{"@id":"https://gourmetto.lu/fr/produit/smicheleclassico/#primaryimage"},"image":{"@id":"https://gourmetto.lu/fr/produit/smicheleclassico/#primaryimage"},"thumbnailUrl":"https://gourmetto.lu/wp-content/uploads/2024/02/PXL_20240302_132307634.PORTRAIT-scaled.jpg","datePublished":"2024-02-29T15:29:12+00:00","dateModified":"2024-06-15T16:01:48+00:00","breadcrumb":{"@id":"https://gourmetto.lu/fr/produit/smicheleclassico/#breadcrumb"},"inLanguage":"fr-FR","potentialAction":[{"@type":"ReadAction","target":["https://gourmetto.lu/fr/produit/smicheleclassico/"]}]},{"@type":"ImageObject","inLanguage":"fr-FR","@id":"https://gourmetto.lu/fr/produit/smicheleclassico/#primaryimage","url":"https://gourmetto.lu/wp-content/uploads/2024/02/PXL_20240302_132307634.PORTRAIT-scaled.jpg","contentUrl":"https://gourmetto.lu/wp-content/uploads/2024/02/PXL_20240302_132307634.PORTRAIT-scaled.jpg","width":2560,"height":2560},{"@type":"BreadcrumbList","@id":"https://gourmetto.lu/fr/produit/smicheleclassico/#breadcrumb","itemListElement":[{"@type":"ListItem","position":1,"name":"Home","item":"https://gourmetto.lu/fr/"},{"@type":"ListItem","position":2,"name":"Boutique","item":"https://gourmetto.lu/shop/"},{"@type":"ListItem","position":3,"name":"NumerOcinque &#8211; La Marca di San Michele Verdicchio cremant"}]},{"@type":"WebSite","@id":"https://gourmetto.lu/fr/#website","url":"https://gourmetto.lu/fr/","name":"Gourmetto","description":"","potentialAction":[{"@type":"SearchAction","target":{"@type":"EntryPoint","urlTemplate":"https://gourmetto.lu/fr/?s={search_term_string}"},"query-input":{"@type":"PropertyValueSpecification","valueRequired":true,"valueName":"search_term_string"}}],"inLanguage":"fr-FR"}]}</script>
<!-- / Yoast SEO plugin. -->

De la Marca di S. Michele, un excellent vin crémant méthode traditionnelle, non dosé. Informel et croquant, avec une petite bulle agressive. &nbsp; Jaune brillant, légèrement trouble. Parfumé, intense, avec un parfum de cèdre et beaucoup de minéralité. Sec, décisif, presque tranchant en bouche. Les derniers verres, au fur et à mesure que le vin [&hellip;]
