{"id":5041,"date":"2025-03-12T15:23:19","date_gmt":"2025-03-12T14:23:19","guid":{"rendered":"https:\/\/gourmetto.lu\/?post_type=product&#038;p=5041"},"modified":"2025-03-14T15:46:53","modified_gmt":"2025-03-14T14:46:53","slug":"mixsicilia","status":"publish","type":"product","link":"https:\/\/gourmetto.lu\/fr\/produit\/mixsicilia\/","title":{"rendered":"M\u00e9lange d&rsquo;herbes \u00ab\u00a0Penne Sicilienne\u00a0\u00bb"},"content":{"rendered":"<p>De la terre de Sicile, un m\u00e9lange parfait d&rsquo;\u00e9pices et d&rsquo;herbes de la plus haute qualit\u00e9, s\u00e9ch\u00e9es et pr\u00eates \u00e0 assaisonner tous vos plats.<\/p>\n<p>Ce m\u00e9lange est un concentr\u00e9 d&rsquo;essence m\u00e9diterran\u00e9enne, \u00e0 base de basilic, d&rsquo;oignon et de piment. Une combinaison qui peut \u00eatre utilis\u00e9e avec n&rsquo;importe quoi, mais qui sera parfaite sur des p\u00e2tes fra\u00eeches et d\u00e9licieuses, ou sur le poisson et les fruits de mer.<\/p>\n","protected":false},"excerpt":{"rendered":"<p>De la terre de Sicile, un m\u00e9lange parfait d&rsquo;\u00e9pices et d&rsquo;herbes de la plus haute qualit\u00e9, s\u00e9ch\u00e9es et pr\u00eates \u00e0 assaisonner tous vos plats. Ce m\u00e9lange est un concentr\u00e9 d&rsquo;essence m\u00e9diterran\u00e9enne, \u00e0 base de basilic, d&rsquo;oignon et de piment. Une combinaison qui peut \u00eatre utilis\u00e9e avec n&rsquo;importe quoi, mais qui sera parfaite sur des p\u00e2tes [&hellip;]<\/p>\n","protected":false},"featured_media":5016,"template":"","meta":{"_acf_changed":false},"product_brand":[],"product_cat":[110],"product_tag":[],"class_list":{"0":"post-5041","1":"product","2":"type-product","3":"status-publish","4":"has-post-thumbnail","6":"product_cat-assaisonnements-fr","8":"first","9":"instock","10":"taxable","11":"shipping-taxable","12":"purchasable","13":"product-type-simple"},"bundled_by":[],"bundle_stock_status":"instock","bundle_stock_quantity":17,"bundle_virtual":false,"bundle_layout":"","bundle_add_to_cart_form_location":"","bundle_editable_in_cart":false,"bundle_sold_individually_context":"","bundle_item_grouping":"","bundle_min_size":"","bundle_max_size":"","bundled_items":[],"bundle_sell_ids":[],"acf":[],"yoast_head":"<!-- This site is optimized with the Yoast SEO plugin v25.4 - https:\/\/yoast.com\/wordpress\/plugins\/seo\/ -->\n<title>M\u00e9lange d&#039;herbes &quot;Penne Sicilienne&quot; - Gourmetto<\/title>\n<meta name=\"robots\" content=\"index, follow, max-snippet:-1, max-image-preview:large, max-video-preview:-1\" \/>\n<link rel=\"canonical\" href=\"https:\/\/gourmetto.lu\/fr\/produit\/mixsicilia\/\" \/>\n<meta property=\"og:locale\" content=\"fr_FR\" \/>\n<meta property=\"og:type\" content=\"article\" \/>\n<meta property=\"og:title\" content=\"M\u00e9lange d&#039;herbes &quot;Penne Sicilienne&quot; - Gourmetto\" \/>\n<meta property=\"og:description\" content=\"De la terre de Sicile, un m\u00e9lange parfait d&rsquo;\u00e9pices et d&rsquo;herbes de la plus haute qualit\u00e9, s\u00e9ch\u00e9es et pr\u00eates \u00e0 assaisonner tous vos plats. Ce m\u00e9lange est un concentr\u00e9 d&rsquo;essence m\u00e9diterran\u00e9enne, \u00e0 base de basilic, d&rsquo;oignon et de piment. Une combinaison qui peut \u00eatre utilis\u00e9e avec n&rsquo;importe quoi, mais qui sera parfaite sur des p\u00e2tes [&hellip;]\" \/>\n<meta property=\"og:url\" content=\"https:\/\/gourmetto.lu\/fr\/produit\/mixsicilia\/\" \/>\n<meta property=\"og:site_name\" content=\"Gourmetto\" \/>\n<meta property=\"article:modified_time\" content=\"2025-03-14T14:46:53+00:00\" \/>\n<meta property=\"og:image\" content=\"https:\/\/gourmetto.lu\/wp-content\/uploads\/2025\/02\/PXL_20250304_193626252.MP-EDIT-scaled.jpg\" \/>\n\t<meta property=\"og:image:width\" content=\"2560\" \/>\n\t<meta property=\"og:image:height\" content=\"2560\" \/>\n\t<meta property=\"og:image:type\" content=\"image\/jpeg\" \/>\n<meta name=\"twitter:card\" content=\"summary_large_image\" \/>\n<meta name=\"twitter:label1\" content=\"Dur\u00e9e de lecture estim\u00e9e\" \/>\n\t<meta name=\"twitter:data1\" content=\"1 minute\" \/>\n<script type=\"application\/ld+json\" class=\"yoast-schema-graph\">{\"@context\":\"https:\/\/schema.org\",\"@graph\":[{\"@type\":\"WebPage\",\"@id\":\"https:\/\/gourmetto.lu\/fr\/produit\/mixsicilia\/\",\"url\":\"https:\/\/gourmetto.lu\/fr\/produit\/mixsicilia\/\",\"name\":\"M\u00e9lange d'herbes \\\"Penne Sicilienne\\\" - Gourmetto\",\"isPartOf\":{\"@id\":\"https:\/\/gourmetto.lu\/fr\/#website\"},\"primaryImageOfPage\":{\"@id\":\"https:\/\/gourmetto.lu\/fr\/produit\/mixsicilia\/#primaryimage\"},\"image\":{\"@id\":\"https:\/\/gourmetto.lu\/fr\/produit\/mixsicilia\/#primaryimage\"},\"thumbnailUrl\":\"https:\/\/gourmetto.lu\/wp-content\/uploads\/2025\/02\/PXL_20250304_193626252.MP-EDIT-scaled.jpg\",\"datePublished\":\"2025-03-12T14:23:19+00:00\",\"dateModified\":\"2025-03-14T14:46:53+00:00\",\"breadcrumb\":{\"@id\":\"https:\/\/gourmetto.lu\/fr\/produit\/mixsicilia\/#breadcrumb\"},\"inLanguage\":\"fr-FR\",\"potentialAction\":[{\"@type\":\"ReadAction\",\"target\":[\"https:\/\/gourmetto.lu\/fr\/produit\/mixsicilia\/\"]}]},{\"@type\":\"ImageObject\",\"inLanguage\":\"fr-FR\",\"@id\":\"https:\/\/gourmetto.lu\/fr\/produit\/mixsicilia\/#primaryimage\",\"url\":\"https:\/\/gourmetto.lu\/wp-content\/uploads\/2025\/02\/PXL_20250304_193626252.MP-EDIT-scaled.jpg\",\"contentUrl\":\"https:\/\/gourmetto.lu\/wp-content\/uploads\/2025\/02\/PXL_20250304_193626252.MP-EDIT-scaled.jpg\",\"width\":2560,\"height\":2560},{\"@type\":\"BreadcrumbList\",\"@id\":\"https:\/\/gourmetto.lu\/fr\/produit\/mixsicilia\/#breadcrumb\",\"itemListElement\":[{\"@type\":\"ListItem\",\"position\":1,\"name\":\"Home\",\"item\":\"https:\/\/gourmetto.lu\/fr\/\"},{\"@type\":\"ListItem\",\"position\":2,\"name\":\"Boutique\",\"item\":\"https:\/\/gourmetto.lu\/shop\/\"},{\"@type\":\"ListItem\",\"position\":3,\"name\":\"M\u00e9lange d&#8217;herbes &#8220;Penne Sicilienne&#8221;\"}]},{\"@type\":\"WebSite\",\"@id\":\"https:\/\/gourmetto.lu\/fr\/#website\",\"url\":\"https:\/\/gourmetto.lu\/fr\/\",\"name\":\"Gourmetto\",\"description\":\"\",\"potentialAction\":[{\"@type\":\"SearchAction\",\"target\":{\"@type\":\"EntryPoint\",\"urlTemplate\":\"https:\/\/gourmetto.lu\/fr\/?s={search_term_string}\"},\"query-input\":{\"@type\":\"PropertyValueSpecification\",\"valueRequired\":true,\"valueName\":\"search_term_string\"}}],\"inLanguage\":\"fr-FR\"}]}<\/script>\n<!-- \/ Yoast SEO plugin. -->","yoast_head_json":{"title":"M\u00e9lange d'herbes \"Penne Sicilienne\" - Gourmetto","robots":{"index":"index","follow":"follow","max-snippet":"max-snippet:-1","max-image-preview":"max-image-preview:large","max-video-preview":"max-video-preview:-1"},"canonical":"https:\/\/gourmetto.lu\/fr\/produit\/mixsicilia\/","og_locale":"fr_FR","og_type":"article","og_title":"M\u00e9lange d'herbes \"Penne Sicilienne\" - Gourmetto","og_description":"De la terre de Sicile, un m\u00e9lange parfait d&rsquo;\u00e9pices et d&rsquo;herbes de la plus haute qualit\u00e9, s\u00e9ch\u00e9es et pr\u00eates \u00e0 assaisonner tous vos plats. Ce m\u00e9lange est un concentr\u00e9 d&rsquo;essence m\u00e9diterran\u00e9enne, \u00e0 base de basilic, d&rsquo;oignon et de piment. Une combinaison qui peut \u00eatre utilis\u00e9e avec n&rsquo;importe quoi, mais qui sera parfaite sur des p\u00e2tes [&hellip;]","og_url":"https:\/\/gourmetto.lu\/fr\/produit\/mixsicilia\/","og_site_name":"Gourmetto","article_modified_time":"2025-03-14T14:46:53+00:00","og_image":[{"width":2560,"height":2560,"url":"https:\/\/gourmetto.lu\/wp-content\/uploads\/2025\/02\/PXL_20250304_193626252.MP-EDIT-scaled.jpg","type":"image\/jpeg"}],"twitter_card":"summary_large_image","twitter_misc":{"Dur\u00e9e de lecture estim\u00e9e":"1 minute"},"schema":{"@context":"https:\/\/schema.org","@graph":[{"@type":"WebPage","@id":"https:\/\/gourmetto.lu\/fr\/produit\/mixsicilia\/","url":"https:\/\/gourmetto.lu\/fr\/produit\/mixsicilia\/","name":"M\u00e9lange d'herbes \"Penne Sicilienne\" - Gourmetto","isPartOf":{"@id":"https:\/\/gourmetto.lu\/fr\/#website"},"primaryImageOfPage":{"@id":"https:\/\/gourmetto.lu\/fr\/produit\/mixsicilia\/#primaryimage"},"image":{"@id":"https:\/\/gourmetto.lu\/fr\/produit\/mixsicilia\/#primaryimage"},"thumbnailUrl":"https:\/\/gourmetto.lu\/wp-content\/uploads\/2025\/02\/PXL_20250304_193626252.MP-EDIT-scaled.jpg","datePublished":"2025-03-12T14:23:19+00:00","dateModified":"2025-03-14T14:46:53+00:00","breadcrumb":{"@id":"https:\/\/gourmetto.lu\/fr\/produit\/mixsicilia\/#breadcrumb"},"inLanguage":"fr-FR","potentialAction":[{"@type":"ReadAction","target":["https:\/\/gourmetto.lu\/fr\/produit\/mixsicilia\/"]}]},{"@type":"ImageObject","inLanguage":"fr-FR","@id":"https:\/\/gourmetto.lu\/fr\/produit\/mixsicilia\/#primaryimage","url":"https:\/\/gourmetto.lu\/wp-content\/uploads\/2025\/02\/PXL_20250304_193626252.MP-EDIT-scaled.jpg","contentUrl":"https:\/\/gourmetto.lu\/wp-content\/uploads\/2025\/02\/PXL_20250304_193626252.MP-EDIT-scaled.jpg","width":2560,"height":2560},{"@type":"BreadcrumbList","@id":"https:\/\/gourmetto.lu\/fr\/produit\/mixsicilia\/#breadcrumb","itemListElement":[{"@type":"ListItem","position":1,"name":"Home","item":"https:\/\/gourmetto.lu\/fr\/"},{"@type":"ListItem","position":2,"name":"Boutique","item":"https:\/\/gourmetto.lu\/shop\/"},{"@type":"ListItem","position":3,"name":"M\u00e9lange d&#8217;herbes &#8220;Penne Sicilienne&#8221;"}]},{"@type":"WebSite","@id":"https:\/\/gourmetto.lu\/fr\/#website","url":"https:\/\/gourmetto.lu\/fr\/","name":"Gourmetto","description":"","potentialAction":[{"@type":"SearchAction","target":{"@type":"EntryPoint","urlTemplate":"https:\/\/gourmetto.lu\/fr\/?s={search_term_string}"},"query-input":{"@type":"PropertyValueSpecification","valueRequired":true,"valueName":"search_term_string"}}],"inLanguage":"fr-FR"}]}},"jetpack_sharing_enabled":true,"_links":{"self":[{"href":"https:\/\/gourmetto.lu\/fr\/wp-json\/wp\/v2\/product\/5041","targetHints":{"allow":["GET"]}}],"collection":[{"href":"https:\/\/gourmetto.lu\/fr\/wp-json\/wp\/v2\/product"}],"about":[{"href":"https:\/\/gourmetto.lu\/fr\/wp-json\/wp\/v2\/types\/product"}],"wp:featuredmedia":[{"embeddable":true,"href":"https:\/\/gourmetto.lu\/fr\/wp-json\/wp\/v2\/media\/5016"}],"wp:attachment":[{"href":"https:\/\/gourmetto.lu\/fr\/wp-json\/wp\/v2\/media?parent=5041"}],"wp:term":[{"taxonomy":"product_brand","embeddable":true,"href":"https:\/\/gourmetto.lu\/fr\/wp-json\/wp\/v2\/product_brand?post=5041"},{"taxonomy":"product_cat","embeddable":true,"href":"https:\/\/gourmetto.lu\/fr\/wp-json\/wp\/v2\/product_cat?post=5041"},{"taxonomy":"product_tag","embeddable":true,"href":"https:\/\/gourmetto.lu\/fr\/wp-json\/wp\/v2\/product_tag?post=5041"}],"curies":[{"name":"wp","href":"https:\/\/api.w.org\/{rel}","templated":true}]}}

Mélange d&rsquo;herbes « Penne Sicilienne »

<p>De la terre de Sicile, un mélange parfait d&rsquo;épices et d&rsquo;herbes de la plus haute qualité, séchées et prêtes à assaisonner tous vos plats.</p>
<p>Ce mélange est un concentré d&rsquo;essence méditerranéenne, à base de basilic, d&rsquo;oignon et de piment. Une combinaison qui peut être utilisée avec n&rsquo;importe quoi, mais qui sera parfaite sur des pâtes fraîches et délicieuses, ou sur le poisson et les fruits de mer.</p>

<p>De la terre de Sicile, un mélange parfait d&rsquo;épices et d&rsquo;herbes de la plus haute qualité, séchées et prêtes à assaisonner tous vos plats. Ce mélange est un concentré d&rsquo;essence méditerranéenne, à base de basilic, d&rsquo;oignon et de piment. Une combinaison qui peut être utilisée avec n&rsquo;importe quoi, mais qui sera parfaite sur des pâtes [&hellip;]</p>

<!-- This site is optimized with the Yoast SEO plugin v25.4 - https://yoast.com/wordpress/plugins/seo/ -->
<title>Mélange d&#039;herbes &quot;Penne Sicilienne&quot; - Gourmetto</title>
<meta name="robots" content="index, follow, max-snippet:-1, max-image-preview:large, max-video-preview:-1" />
<link rel="canonical" href="https://gourmetto.lu/fr/produit/mixsicilia/" />
<meta property="og:locale" content="fr_FR" />
<meta property="og:type" content="article" />
<meta property="og:title" content="Mélange d&#039;herbes &quot;Penne Sicilienne&quot; - Gourmetto" />
<meta property="og:description" content="De la terre de Sicile, un mélange parfait d&rsquo;épices et d&rsquo;herbes de la plus haute qualité, séchées et prêtes à assaisonner tous vos plats. Ce mélange est un concentré d&rsquo;essence méditerranéenne, à base de basilic, d&rsquo;oignon et de piment. Une combinaison qui peut être utilisée avec n&rsquo;importe quoi, mais qui sera parfaite sur des pâtes [&hellip;]" />
<meta property="og:url" content="https://gourmetto.lu/fr/produit/mixsicilia/" />
<meta property="og:site_name" content="Gourmetto" />
<meta property="article:modified_time" content="2025-03-14T14:46:53+00:00" />
<meta property="og:image" content="https://gourmetto.lu/wp-content/uploads/2025/02/PXL_20250304_193626252.MP-EDIT-scaled.jpg" />
	<meta property="og:image:width" content="2560" />
	<meta property="og:image:height" content="2560" />
	<meta property="og:image:type" content="image/jpeg" />
<meta name="twitter:card" content="summary_large_image" />
<meta name="twitter:label1" content="Durée de lecture estimée" />
	<meta name="twitter:data1" content="1 minute" />
<script type="application/ld+json" class="yoast-schema-graph">{"@context":"https://schema.org","@graph":[{"@type":"WebPage","@id":"https://gourmetto.lu/fr/produit/mixsicilia/","url":"https://gourmetto.lu/fr/produit/mixsicilia/","name":"Mélange d'herbes \"Penne Sicilienne\" - Gourmetto","isPartOf":{"@id":"https://gourmetto.lu/fr/#website"},"primaryImageOfPage":{"@id":"https://gourmetto.lu/fr/produit/mixsicilia/#primaryimage"},"image":{"@id":"https://gourmetto.lu/fr/produit/mixsicilia/#primaryimage"},"thumbnailUrl":"https://gourmetto.lu/wp-content/uploads/2025/02/PXL_20250304_193626252.MP-EDIT-scaled.jpg","datePublished":"2025-03-12T14:23:19+00:00","dateModified":"2025-03-14T14:46:53+00:00","breadcrumb":{"@id":"https://gourmetto.lu/fr/produit/mixsicilia/#breadcrumb"},"inLanguage":"fr-FR","potentialAction":[{"@type":"ReadAction","target":["https://gourmetto.lu/fr/produit/mixsicilia/"]}]},{"@type":"ImageObject","inLanguage":"fr-FR","@id":"https://gourmetto.lu/fr/produit/mixsicilia/#primaryimage","url":"https://gourmetto.lu/wp-content/uploads/2025/02/PXL_20250304_193626252.MP-EDIT-scaled.jpg","contentUrl":"https://gourmetto.lu/wp-content/uploads/2025/02/PXL_20250304_193626252.MP-EDIT-scaled.jpg","width":2560,"height":2560},{"@type":"BreadcrumbList","@id":"https://gourmetto.lu/fr/produit/mixsicilia/#breadcrumb","itemListElement":[{"@type":"ListItem","position":1,"name":"Home","item":"https://gourmetto.lu/fr/"},{"@type":"ListItem","position":2,"name":"Boutique","item":"https://gourmetto.lu/shop/"},{"@type":"ListItem","position":3,"name":"Mélange d&#8217;herbes &#8220;Penne Sicilienne&#8221;"}]},{"@type":"WebSite","@id":"https://gourmetto.lu/fr/#website","url":"https://gourmetto.lu/fr/","name":"Gourmetto","description":"","potentialAction":[{"@type":"SearchAction","target":{"@type":"EntryPoint","urlTemplate":"https://gourmetto.lu/fr/?s={search_term_string}"},"query-input":{"@type":"PropertyValueSpecification","valueRequired":true,"valueName":"search_term_string"}}],"inLanguage":"fr-FR"}]}</script>
<!-- / Yoast SEO plugin. -->

Mélange d'herbes "Penne Sicilienne" - Gourmetto

De la terre de Sicile, un mélange parfait d&rsquo;épices et d&rsquo;herbes de la plus haute qualité, séchées et prêtes à assaisonner tous vos plats. Ce mélange est un concentré d&rsquo;essence méditerranéenne, à base de basilic, d&rsquo;oignon et de piment. Une combinaison qui peut être utilisée avec n&rsquo;importe quoi, mais qui sera parfaite sur des pâtes [&hellip;]

Mélange d&#8217;herbes &#8220;Penne Sicilienne&#8221;
