{"id":6127,"date":"2026-04-30T16:46:44","date_gmt":"2026-04-30T14:46:44","guid":{"rendered":"https:\/\/gourmetto.lu\/?post_type=product&#038;p=6127"},"modified":"2026-04-30T17:04:17","modified_gmt":"2026-04-30T15:04:17","slug":"bio-penne-rigate-monograno-il-cappelli-copy-copy-copy","status":"publish","type":"product","link":"https:\/\/gourmetto.lu\/fr\/produit\/bio-penne-rigate-monograno-il-cappelli-copy-copy-copy\/","title":{"rendered":"BIO* Ditalini Monograno \u00ab\u00a0Farro\u00a0\u00bb &#8211; \u00c9peautre"},"content":{"rendered":"<p>L&rsquo;historique pastificio Felicetti nous pr\u00e9sente la ligne Monograno, largement consid\u00e9r\u00e9e comme les meilleures p\u00e2tes s\u00e8ches d&rsquo;Italie, et donc du monde. Fabriqu\u00e9es avec de la semoule de bl\u00e9 d&rsquo;\u00e9pautre Bio 100% italienne et de l&rsquo;eau fra\u00eeche de haute montagne.<\/p>\n","protected":false},"excerpt":{"rendered":"<p>L&rsquo;historique pastificio Felicetti nous pr\u00e9sente la ligne Monograno, largement consid\u00e9r\u00e9e comme les meilleures p\u00e2tes s\u00e8ches d&rsquo;Italie, et donc du monde. Fabriqu\u00e9es avec de la semoule de bl\u00e9 d&rsquo;\u00e9pautre Bio 100% italienne et de l&rsquo;eau fra\u00eeche de haute montagne.<\/p>\n","protected":false},"featured_media":6136,"template":"","meta":{"_acf_changed":false},"product_brand":[],"product_cat":[119,94,111],"product_tag":[],"class_list":{"0":"post-6127","1":"product","2":"type-product","3":"status-publish","4":"has-post-thumbnail","6":"product_cat-biologique-fr","7":"product_cat-nouveaute-fr","8":"product_cat-pasta-fr","9":"pa_producers-pastificio-felicetti-fr","11":"first","12":"instock","13":"taxable","14":"shipping-taxable","15":"purchasable","16":"product-type-simple"},"bundled_by":[],"bundle_stock_status":"instock","bundle_stock_quantity":12,"bundle_virtual":false,"bundle_layout":"","bundle_add_to_cart_form_location":"","bundle_editable_in_cart":false,"bundle_sold_individually_context":"","bundle_item_grouping":"","bundle_min_size":"","bundle_max_size":"","bundled_items":[],"bundle_sell_ids":[],"acf":[],"yoast_head":"<!-- This site is optimized with the Yoast SEO plugin v25.4 - https:\/\/yoast.com\/wordpress\/plugins\/seo\/ -->\n<title>BIO* Ditalini Monograno &quot;Farro&quot; - \u00c9peautre - Gourmetto<\/title>\n<meta name=\"robots\" content=\"index, follow, max-snippet:-1, max-image-preview:large, max-video-preview:-1\" \/>\n<link rel=\"canonical\" href=\"https:\/\/gourmetto.lu\/fr\/produit\/bio-penne-rigate-monograno-il-cappelli-copy-copy-copy\/\" \/>\n<meta property=\"og:locale\" content=\"fr_FR\" \/>\n<meta property=\"og:type\" content=\"article\" \/>\n<meta property=\"og:title\" content=\"BIO* Ditalini Monograno &quot;Farro&quot; - \u00c9peautre - Gourmetto\" \/>\n<meta property=\"og:description\" content=\"L&rsquo;historique pastificio Felicetti nous pr\u00e9sente la ligne Monograno, largement consid\u00e9r\u00e9e comme les meilleures p\u00e2tes s\u00e8ches d&rsquo;Italie, et donc du monde. Fabriqu\u00e9es avec de la semoule de bl\u00e9 d&rsquo;\u00e9pautre Bio 100% italienne et de l&rsquo;eau fra\u00eeche de haute montagne.\" \/>\n<meta property=\"og:url\" content=\"https:\/\/gourmetto.lu\/fr\/produit\/bio-penne-rigate-monograno-il-cappelli-copy-copy-copy\/\" \/>\n<meta property=\"og:site_name\" content=\"Gourmetto\" \/>\n<meta property=\"article:modified_time\" content=\"2026-04-30T15:04:17+00:00\" \/>\n<meta property=\"og:image\" content=\"https:\/\/gourmetto.lu\/wp-content\/uploads\/2026\/04\/pasta-2.jpg\" \/>\n\t<meta property=\"og:image:width\" content=\"1008\" \/>\n\t<meta property=\"og:image:height\" content=\"1008\" \/>\n\t<meta property=\"og:image:type\" content=\"image\/jpeg\" \/>\n<meta name=\"twitter:card\" content=\"summary_large_image\" \/>\n<meta name=\"twitter:label1\" content=\"Dur\u00e9e de lecture estim\u00e9e\" \/>\n\t<meta name=\"twitter:data1\" content=\"1 minute\" \/>\n<script type=\"application\/ld+json\" class=\"yoast-schema-graph\">{\"@context\":\"https:\/\/schema.org\",\"@graph\":[{\"@type\":\"WebPage\",\"@id\":\"https:\/\/gourmetto.lu\/fr\/produit\/bio-penne-rigate-monograno-il-cappelli-copy-copy-copy\/\",\"url\":\"https:\/\/gourmetto.lu\/fr\/produit\/bio-penne-rigate-monograno-il-cappelli-copy-copy-copy\/\",\"name\":\"BIO* Ditalini Monograno \\\"Farro\\\" - \u00c9peautre - Gourmetto\",\"isPartOf\":{\"@id\":\"https:\/\/gourmetto.lu\/fr\/#website\"},\"primaryImageOfPage\":{\"@id\":\"https:\/\/gourmetto.lu\/fr\/produit\/bio-penne-rigate-monograno-il-cappelli-copy-copy-copy\/#primaryimage\"},\"image\":{\"@id\":\"https:\/\/gourmetto.lu\/fr\/produit\/bio-penne-rigate-monograno-il-cappelli-copy-copy-copy\/#primaryimage\"},\"thumbnailUrl\":\"https:\/\/gourmetto.lu\/wp-content\/uploads\/2026\/04\/pasta-2.jpg\",\"datePublished\":\"2026-04-30T14:46:44+00:00\",\"dateModified\":\"2026-04-30T15:04:17+00:00\",\"breadcrumb\":{\"@id\":\"https:\/\/gourmetto.lu\/fr\/produit\/bio-penne-rigate-monograno-il-cappelli-copy-copy-copy\/#breadcrumb\"},\"inLanguage\":\"fr-FR\",\"potentialAction\":[{\"@type\":\"ReadAction\",\"target\":[\"https:\/\/gourmetto.lu\/fr\/produit\/bio-penne-rigate-monograno-il-cappelli-copy-copy-copy\/\"]}]},{\"@type\":\"ImageObject\",\"inLanguage\":\"fr-FR\",\"@id\":\"https:\/\/gourmetto.lu\/fr\/produit\/bio-penne-rigate-monograno-il-cappelli-copy-copy-copy\/#primaryimage\",\"url\":\"https:\/\/gourmetto.lu\/wp-content\/uploads\/2026\/04\/pasta-2.jpg\",\"contentUrl\":\"https:\/\/gourmetto.lu\/wp-content\/uploads\/2026\/04\/pasta-2.jpg\",\"width\":1008,\"height\":1008},{\"@type\":\"BreadcrumbList\",\"@id\":\"https:\/\/gourmetto.lu\/fr\/produit\/bio-penne-rigate-monograno-il-cappelli-copy-copy-copy\/#breadcrumb\",\"itemListElement\":[{\"@type\":\"ListItem\",\"position\":1,\"name\":\"Home\",\"item\":\"https:\/\/gourmetto.lu\/fr\/\"},{\"@type\":\"ListItem\",\"position\":2,\"name\":\"Boutique\",\"item\":\"https:\/\/gourmetto.lu\/shop\/\"},{\"@type\":\"ListItem\",\"position\":3,\"name\":\"BIO* Ditalini Monograno &#8220;Farro&#8221; &#8211; \u00c9peautre\"}]},{\"@type\":\"WebSite\",\"@id\":\"https:\/\/gourmetto.lu\/fr\/#website\",\"url\":\"https:\/\/gourmetto.lu\/fr\/\",\"name\":\"Gourmetto\",\"description\":\"\",\"potentialAction\":[{\"@type\":\"SearchAction\",\"target\":{\"@type\":\"EntryPoint\",\"urlTemplate\":\"https:\/\/gourmetto.lu\/fr\/?s={search_term_string}\"},\"query-input\":{\"@type\":\"PropertyValueSpecification\",\"valueRequired\":true,\"valueName\":\"search_term_string\"}}],\"inLanguage\":\"fr-FR\"}]}<\/script>\n<!-- \/ Yoast SEO plugin. -->","yoast_head_json":{"title":"BIO* Ditalini Monograno \"Farro\" - \u00c9peautre - Gourmetto","robots":{"index":"index","follow":"follow","max-snippet":"max-snippet:-1","max-image-preview":"max-image-preview:large","max-video-preview":"max-video-preview:-1"},"canonical":"https:\/\/gourmetto.lu\/fr\/produit\/bio-penne-rigate-monograno-il-cappelli-copy-copy-copy\/","og_locale":"fr_FR","og_type":"article","og_title":"BIO* Ditalini Monograno \"Farro\" - \u00c9peautre - Gourmetto","og_description":"L&rsquo;historique pastificio Felicetti nous pr\u00e9sente la ligne Monograno, largement consid\u00e9r\u00e9e comme les meilleures p\u00e2tes s\u00e8ches d&rsquo;Italie, et donc du monde. Fabriqu\u00e9es avec de la semoule de bl\u00e9 d&rsquo;\u00e9pautre Bio 100% italienne et de l&rsquo;eau fra\u00eeche de haute montagne.","og_url":"https:\/\/gourmetto.lu\/fr\/produit\/bio-penne-rigate-monograno-il-cappelli-copy-copy-copy\/","og_site_name":"Gourmetto","article_modified_time":"2026-04-30T15:04:17+00:00","og_image":[{"width":1008,"height":1008,"url":"https:\/\/gourmetto.lu\/wp-content\/uploads\/2026\/04\/pasta-2.jpg","type":"image\/jpeg"}],"twitter_card":"summary_large_image","twitter_misc":{"Dur\u00e9e de lecture estim\u00e9e":"1 minute"},"schema":{"@context":"https:\/\/schema.org","@graph":[{"@type":"WebPage","@id":"https:\/\/gourmetto.lu\/fr\/produit\/bio-penne-rigate-monograno-il-cappelli-copy-copy-copy\/","url":"https:\/\/gourmetto.lu\/fr\/produit\/bio-penne-rigate-monograno-il-cappelli-copy-copy-copy\/","name":"BIO* Ditalini Monograno \"Farro\" - \u00c9peautre - Gourmetto","isPartOf":{"@id":"https:\/\/gourmetto.lu\/fr\/#website"},"primaryImageOfPage":{"@id":"https:\/\/gourmetto.lu\/fr\/produit\/bio-penne-rigate-monograno-il-cappelli-copy-copy-copy\/#primaryimage"},"image":{"@id":"https:\/\/gourmetto.lu\/fr\/produit\/bio-penne-rigate-monograno-il-cappelli-copy-copy-copy\/#primaryimage"},"thumbnailUrl":"https:\/\/gourmetto.lu\/wp-content\/uploads\/2026\/04\/pasta-2.jpg","datePublished":"2026-04-30T14:46:44+00:00","dateModified":"2026-04-30T15:04:17+00:00","breadcrumb":{"@id":"https:\/\/gourmetto.lu\/fr\/produit\/bio-penne-rigate-monograno-il-cappelli-copy-copy-copy\/#breadcrumb"},"inLanguage":"fr-FR","potentialAction":[{"@type":"ReadAction","target":["https:\/\/gourmetto.lu\/fr\/produit\/bio-penne-rigate-monograno-il-cappelli-copy-copy-copy\/"]}]},{"@type":"ImageObject","inLanguage":"fr-FR","@id":"https:\/\/gourmetto.lu\/fr\/produit\/bio-penne-rigate-monograno-il-cappelli-copy-copy-copy\/#primaryimage","url":"https:\/\/gourmetto.lu\/wp-content\/uploads\/2026\/04\/pasta-2.jpg","contentUrl":"https:\/\/gourmetto.lu\/wp-content\/uploads\/2026\/04\/pasta-2.jpg","width":1008,"height":1008},{"@type":"BreadcrumbList","@id":"https:\/\/gourmetto.lu\/fr\/produit\/bio-penne-rigate-monograno-il-cappelli-copy-copy-copy\/#breadcrumb","itemListElement":[{"@type":"ListItem","position":1,"name":"Home","item":"https:\/\/gourmetto.lu\/fr\/"},{"@type":"ListItem","position":2,"name":"Boutique","item":"https:\/\/gourmetto.lu\/shop\/"},{"@type":"ListItem","position":3,"name":"BIO* Ditalini Monograno &#8220;Farro&#8221; &#8211; \u00c9peautre"}]},{"@type":"WebSite","@id":"https:\/\/gourmetto.lu\/fr\/#website","url":"https:\/\/gourmetto.lu\/fr\/","name":"Gourmetto","description":"","potentialAction":[{"@type":"SearchAction","target":{"@type":"EntryPoint","urlTemplate":"https:\/\/gourmetto.lu\/fr\/?s={search_term_string}"},"query-input":{"@type":"PropertyValueSpecification","valueRequired":true,"valueName":"search_term_string"}}],"inLanguage":"fr-FR"}]}},"jetpack_sharing_enabled":true,"_links":{"self":[{"href":"https:\/\/gourmetto.lu\/fr\/wp-json\/wp\/v2\/product\/6127","targetHints":{"allow":["GET"]}}],"collection":[{"href":"https:\/\/gourmetto.lu\/fr\/wp-json\/wp\/v2\/product"}],"about":[{"href":"https:\/\/gourmetto.lu\/fr\/wp-json\/wp\/v2\/types\/product"}],"wp:featuredmedia":[{"embeddable":true,"href":"https:\/\/gourmetto.lu\/fr\/wp-json\/wp\/v2\/media\/6136"}],"wp:attachment":[{"href":"https:\/\/gourmetto.lu\/fr\/wp-json\/wp\/v2\/media?parent=6127"}],"wp:term":[{"taxonomy":"product_brand","embeddable":true,"href":"https:\/\/gourmetto.lu\/fr\/wp-json\/wp\/v2\/product_brand?post=6127"},{"taxonomy":"product_cat","embeddable":true,"href":"https:\/\/gourmetto.lu\/fr\/wp-json\/wp\/v2\/product_cat?post=6127"},{"taxonomy":"product_tag","embeddable":true,"href":"https:\/\/gourmetto.lu\/fr\/wp-json\/wp\/v2\/product_tag?post=6127"}],"curies":[{"name":"wp","href":"https:\/\/api.w.org\/{rel}","templated":true}]}}

BIO* Ditalini Monograno « Farro » &#8211; Épeautre

<p>L&rsquo;historique pastificio Felicetti nous présente la ligne Monograno, largement considérée comme les meilleures pâtes sèches d&rsquo;Italie, et donc du monde. Fabriquées avec de la semoule de blé d&rsquo;épautre Bio 100% italienne et de l&rsquo;eau fraîche de haute montagne.</p>

<!-- This site is optimized with the Yoast SEO plugin v25.4 - https://yoast.com/wordpress/plugins/seo/ -->
<title>BIO* Ditalini Monograno &quot;Farro&quot; - Épeautre - Gourmetto</title>
<meta name="robots" content="index, follow, max-snippet:-1, max-image-preview:large, max-video-preview:-1" />
<link rel="canonical" href="https://gourmetto.lu/fr/produit/bio-penne-rigate-monograno-il-cappelli-copy-copy-copy/" />
<meta property="og:locale" content="fr_FR" />
<meta property="og:type" content="article" />
<meta property="og:title" content="BIO* Ditalini Monograno &quot;Farro&quot; - Épeautre - Gourmetto" />
<meta property="og:description" content="L&rsquo;historique pastificio Felicetti nous présente la ligne Monograno, largement considérée comme les meilleures pâtes sèches d&rsquo;Italie, et donc du monde. Fabriquées avec de la semoule de blé d&rsquo;épautre Bio 100% italienne et de l&rsquo;eau fraîche de haute montagne." />
<meta property="og:url" content="https://gourmetto.lu/fr/produit/bio-penne-rigate-monograno-il-cappelli-copy-copy-copy/" />
<meta property="og:site_name" content="Gourmetto" />
<meta property="article:modified_time" content="2026-04-30T15:04:17+00:00" />
<meta property="og:image" content="https://gourmetto.lu/wp-content/uploads/2026/04/pasta-2.jpg" />
	<meta property="og:image:width" content="1008" />
	<meta property="og:image:height" content="1008" />
	<meta property="og:image:type" content="image/jpeg" />
<meta name="twitter:card" content="summary_large_image" />
<meta name="twitter:label1" content="Durée de lecture estimée" />
	<meta name="twitter:data1" content="1 minute" />
<script type="application/ld+json" class="yoast-schema-graph">{"@context":"https://schema.org","@graph":[{"@type":"WebPage","@id":"https://gourmetto.lu/fr/produit/bio-penne-rigate-monograno-il-cappelli-copy-copy-copy/","url":"https://gourmetto.lu/fr/produit/bio-penne-rigate-monograno-il-cappelli-copy-copy-copy/","name":"BIO* Ditalini Monograno \"Farro\" - Épeautre - Gourmetto","isPartOf":{"@id":"https://gourmetto.lu/fr/#website"},"primaryImageOfPage":{"@id":"https://gourmetto.lu/fr/produit/bio-penne-rigate-monograno-il-cappelli-copy-copy-copy/#primaryimage"},"image":{"@id":"https://gourmetto.lu/fr/produit/bio-penne-rigate-monograno-il-cappelli-copy-copy-copy/#primaryimage"},"thumbnailUrl":"https://gourmetto.lu/wp-content/uploads/2026/04/pasta-2.jpg","datePublished":"2026-04-30T14:46:44+00:00","dateModified":"2026-04-30T15:04:17+00:00","breadcrumb":{"@id":"https://gourmetto.lu/fr/produit/bio-penne-rigate-monograno-il-cappelli-copy-copy-copy/#breadcrumb"},"inLanguage":"fr-FR","potentialAction":[{"@type":"ReadAction","target":["https://gourmetto.lu/fr/produit/bio-penne-rigate-monograno-il-cappelli-copy-copy-copy/"]}]},{"@type":"ImageObject","inLanguage":"fr-FR","@id":"https://gourmetto.lu/fr/produit/bio-penne-rigate-monograno-il-cappelli-copy-copy-copy/#primaryimage","url":"https://gourmetto.lu/wp-content/uploads/2026/04/pasta-2.jpg","contentUrl":"https://gourmetto.lu/wp-content/uploads/2026/04/pasta-2.jpg","width":1008,"height":1008},{"@type":"BreadcrumbList","@id":"https://gourmetto.lu/fr/produit/bio-penne-rigate-monograno-il-cappelli-copy-copy-copy/#breadcrumb","itemListElement":[{"@type":"ListItem","position":1,"name":"Home","item":"https://gourmetto.lu/fr/"},{"@type":"ListItem","position":2,"name":"Boutique","item":"https://gourmetto.lu/shop/"},{"@type":"ListItem","position":3,"name":"BIO* Ditalini Monograno &#8220;Farro&#8221; &#8211; Épeautre"}]},{"@type":"WebSite","@id":"https://gourmetto.lu/fr/#website","url":"https://gourmetto.lu/fr/","name":"Gourmetto","description":"","potentialAction":[{"@type":"SearchAction","target":{"@type":"EntryPoint","urlTemplate":"https://gourmetto.lu/fr/?s={search_term_string}"},"query-input":{"@type":"PropertyValueSpecification","valueRequired":true,"valueName":"search_term_string"}}],"inLanguage":"fr-FR"}]}</script>
<!-- / Yoast SEO plugin. -->

BIO* Ditalini Monograno "Farro" - Épeautre - Gourmetto

L&rsquo;historique pastificio Felicetti nous présente la ligne Monograno, largement considérée comme les meilleures pâtes sèches d&rsquo;Italie, et donc du monde. Fabriquées avec de la semoule de blé d&rsquo;épautre Bio 100% italienne et de l&rsquo;eau fraîche de haute montagne.

BIO* Ditalini Monograno &#8220;Farro&#8221; &#8211; Épeautre
